{"id":76,"date":"2023-03-11T21:11:54","date_gmt":"2023-03-12T00:11:54","guid":{"rendered":"https:\/\/webmedia.org.br\/2023\/?page_id=76"},"modified":"2025-10-17T14:35:36","modified_gmt":"2025-10-17T17:35:36","slug":"cfp-premio-lf","status":"publish","type":"page","link":"https:\/\/webmedia.org.br\/2025\/cfp-premio-lf\/","title":{"rendered":"Pr\u00eamio WebMedia LF"},"content":{"rendered":"\n<div class=\"wp-block-cover pages-title\" style=\"min-height:225px;aspect-ratio:unset;\"><span aria-hidden=\"true\" class=\"wp-block-cover__background has-background-dim\"><\/span><img loading=\"lazy\" decoding=\"async\" width=\"1024\" height=\"432\" class=\"wp-block-cover__image-background wp-image-1083\" alt=\"\" src=\"https:\/\/webmedia.org.br\/2025\/wp-content\/uploads\/2025\/04\/1_Site-WEBmedia_2025-1-1024x432.jpg\" style=\"object-position:80% 32%\" data-object-fit=\"cover\" data-object-position=\"80% 32%\" srcset=\"https:\/\/webmedia.org.br\/2025\/wp-content\/uploads\/2025\/04\/1_Site-WEBmedia_2025-1-1024x432.jpg 1024w, https:\/\/webmedia.org.br\/2025\/wp-content\/uploads\/2025\/04\/1_Site-WEBmedia_2025-1-300x126.jpg 300w, https:\/\/webmedia.org.br\/2025\/wp-content\/uploads\/2025\/04\/1_Site-WEBmedia_2025-1-768x324.jpg 768w, https:\/\/webmedia.org.br\/2025\/wp-content\/uploads\/2025\/04\/1_Site-WEBmedia_2025-1-1536x647.jpg 1536w, https:\/\/webmedia.org.br\/2025\/wp-content\/uploads\/2025\/04\/1_Site-WEBmedia_2025-1-2048x863.jpg 2048w, https:\/\/webmedia.org.br\/2025\/wp-content\/uploads\/2025\/04\/1_Site-WEBmedia_2025-1-1000x421.jpg 1000w, https:\/\/webmedia.org.br\/2025\/wp-content\/uploads\/2025\/04\/1_Site-WEBmedia_2025-1-230x97.jpg 230w, https:\/\/webmedia.org.br\/2025\/wp-content\/uploads\/2025\/04\/1_Site-WEBmedia_2025-1-350x148.jpg 350w, https:\/\/webmedia.org.br\/2025\/wp-content\/uploads\/2025\/04\/1_Site-WEBmedia_2025-1-480x202.jpg 480w\" sizes=\"auto, (max-width: 1024px) 100vw, 1024px\" \/><div class=\"wp-block-cover__inner-container is-layout-flow wp-block-cover-is-layout-flow\">\n<p class=\"has-text-align-center main-title has-x-large-font-size\">Pr\u00eamio WebMedia LF<\/p>\n<\/div><\/div>\n\n\n\n<div class=\"wp-block-media-text is-stacked-on-mobile\" style=\"grid-template-columns:35% auto\"><figure class=\"wp-block-media-text__media\"><img loading=\"lazy\" decoding=\"async\" width=\"944\" height=\"944\" src=\"https:\/\/webmedia.org.br\/2025\/wp-content\/uploads\/2025\/07\/2Luis-fernando-Premio-designer_2025-.png\" alt=\"\" class=\"wp-image-1548 size-full\" srcset=\"https:\/\/webmedia.org.br\/2025\/wp-content\/uploads\/2025\/07\/2Luis-fernando-Premio-designer_2025-.png 944w, https:\/\/webmedia.org.br\/2025\/wp-content\/uploads\/2025\/07\/2Luis-fernando-Premio-designer_2025--300x300.png 300w, https:\/\/webmedia.org.br\/2025\/wp-content\/uploads\/2025\/07\/2Luis-fernando-Premio-designer_2025--150x150.png 150w, https:\/\/webmedia.org.br\/2025\/wp-content\/uploads\/2025\/07\/2Luis-fernando-Premio-designer_2025--768x768.png 768w, https:\/\/webmedia.org.br\/2025\/wp-content\/uploads\/2025\/07\/2Luis-fernando-Premio-designer_2025--230x230.png 230w, https:\/\/webmedia.org.br\/2025\/wp-content\/uploads\/2025\/07\/2Luis-fernando-Premio-designer_2025--350x350.png 350w, https:\/\/webmedia.org.br\/2025\/wp-content\/uploads\/2025\/07\/2Luis-fernando-Premio-designer_2025--480x480.png 480w\" sizes=\"auto, (max-width: 944px) 100vw, 944px\" \/><\/figure><div class=\"wp-block-media-text__content\">\n<p>O <strong>Pr\u00eamio WebMedia LF<\/strong>&nbsp;\u00e9 promovido pela Comiss\u00e3o Especial da SBC para Sistemas Multim\u00eddia e Web (CE-WebMedia) e tem o objetivo de agraciar professores e estudantes de Tecnologia da Informa\u00e7\u00e3o e Comunica\u00e7\u00e3o (TIC) envolvidos em projetos de inova\u00e7\u00e3o, completos ou em andamento, que tenham impacto social e contribuam para a MELHORIA DA SOCIEDADE.<\/p>\n\n\n\n<p>Luiz Fernando (LF) Gomes Soares foi um dos fundadores do WebMedia, formou diversos professores e pesquisadores, e realizou pesquisas que, al\u00e9m de rigor cient\u00edfico, tamb\u00e9m promoviam impacto social.<\/p>\n<\/div><\/div>\n\n\n\n<div class=\"wp-block-media-text has-media-on-the-right is-stacked-on-mobile\" style=\"grid-template-columns:auto 34%\"><div class=\"wp-block-media-text__content\">\n<p>Ele ficou conhecido por criar o middleware de TV Digital brasileiro, hoje padr\u00e3o internacional, que fomentou a ind\u00fastria nacional e gerou impacto social, como exemplo, o<a href=\"https:\/\/agenciabrasil.ebc.com.br\/tags\/brasil-4d\" target=\"_blank\" rel=\"noreferrer noopener\">&nbsp;projeto Brasil4D<\/a>.<\/p>\n\n\n\n<p>Neste ano,<strong> artigos aceitos em qualquer uma das trilhas do WebMedia 2025<\/strong>&nbsp;podem concorrer ao Pr\u00eamio WebMedia LF, submetendo seu trabalho \u00e0 comiss\u00e3o avaliadora&nbsp;e <strong>justificando o impacto social e a participa\u00e7\u00e3o no pr\u00eamio<\/strong>.<\/p>\n<\/div><figure class=\"wp-block-media-text__media\"><img loading=\"lazy\" decoding=\"async\" width=\"943\" height=\"943\" src=\"https:\/\/webmedia.org.br\/2025\/wp-content\/uploads\/2025\/07\/1Luis-fernando-Premio-designer_2025-.png\" alt=\"\" class=\"wp-image-1549 size-full\" srcset=\"https:\/\/webmedia.org.br\/2025\/wp-content\/uploads\/2025\/07\/1Luis-fernando-Premio-designer_2025-.png 943w, https:\/\/webmedia.org.br\/2025\/wp-content\/uploads\/2025\/07\/1Luis-fernando-Premio-designer_2025--300x300.png 300w, https:\/\/webmedia.org.br\/2025\/wp-content\/uploads\/2025\/07\/1Luis-fernando-Premio-designer_2025--150x150.png 150w, https:\/\/webmedia.org.br\/2025\/wp-content\/uploads\/2025\/07\/1Luis-fernando-Premio-designer_2025--768x768.png 768w, https:\/\/webmedia.org.br\/2025\/wp-content\/uploads\/2025\/07\/1Luis-fernando-Premio-designer_2025--230x230.png 230w, https:\/\/webmedia.org.br\/2025\/wp-content\/uploads\/2025\/07\/1Luis-fernando-Premio-designer_2025--350x350.png 350w, https:\/\/webmedia.org.br\/2025\/wp-content\/uploads\/2025\/07\/1Luis-fernando-Premio-designer_2025--480x480.png 480w\" sizes=\"auto, (max-width: 943px) 100vw, 943px\" \/><\/figure><\/div>\n\n\n\n<h2 class=\"wp-block-heading\">Instru\u00e7\u00f5es para Autores<\/h2>\n\n\n\n<p class=\"has-text-align-left\">Os autores de artigos aceitos em qualquer trilha do WebMedia 2025 t\u00eam at\u00e9 o prazo de <strong>30 de outubro de 2025<\/strong>&nbsp;para submeter eletronicamente as informa\u00e7\u00f5es solicitadas no&nbsp;<a href=\"https:\/\/forms.gle\/1JHdvRyV43qVpEfJ7\" target=\"_blank\" rel=\"noreferrer noopener\">Formul\u00e1rio<\/a>. O formul\u00e1rio solicita informa\u00e7\u00f5es complementares ao artigo original, justificando o<strong> impacto social<\/strong> de sua proposta e a coer\u00eancia com um ou mais t\u00f3picos de interesse do Pr\u00eamio WebMedia LF.<\/p>\n\n\n\n<p>T\u00f3picos de interesse incluem, entre outros:<\/p>\n\n\n\n<ul class=\"wp-block-list\">\n<li>TICs de apoio \u00e0s popula\u00e7\u00f5es vulner\u00e1veis ou que vivem em regi\u00f5es de dif\u00edcil acesso (e.g., ind\u00edgenas, ribeirinhos);<\/li>\n\n\n\n<li>TICs de apoio \u00e0 acessibilidade e assist\u00eancia a indiv\u00edduos com limita\u00e7\u00f5es;<\/li>\n\n\n\n<li>TICs de apoio \u00e0 sa\u00fade f\u00edsica e emocional;<\/li>\n\n\n\n<li>TICs para sa\u00fade digital (sistemas de informa\u00e7\u00e3o, telemedicina\/telessa\u00fade, prescri\u00e7\u00e3o eletr\u00f4nica, tecnologias assistivas e outros);<\/li>\n\n\n\n<li>TICs de apoio \u00e0 educa\u00e7\u00e3o (b\u00e1sica, profissionalizante, superior e outros);<\/li>\n\n\n\n<li>TICs de apoio \u00e0 transpar\u00eancia p\u00fablica e justi\u00e7a;<\/li>\n\n\n\n<li>TICs de apoio \u00e0s ONGs;<\/li>\n\n\n\n<li>TICs de apoio a atividades de cidadania (doa\u00e7\u00f5es de alimentos, sangue, etc);<\/li>\n\n\n\n<li>TICs de apoio \u00e0 Agenda 2030 da ONU;<\/li>\n\n\n\n<li>outras categorias de TICs de impacto social;<\/li>\n<\/ul>\n\n\n\n<p>Diferente da avalia\u00e7\u00e3o j\u00e1 feita pelo comit\u00ea de programa do WebMedia 2025, os avaliadores do pr\u00eamio verificar\u00e3o n\u00e3o apenas a metodologia e t\u00e9cnica utilizadas, mas tamb\u00e9m o impacto social do trabalho. Logo, as informa\u00e7\u00f5es adicionais apresentando o projeto podem conter uma descri\u00e7\u00e3o clara:<\/p>\n\n\n\n<ul class=\"wp-block-list\">\n<li>Das institui\u00e7\u00f5es e parceiros envolvidos;<\/li>\n\n\n\n<li>Da relev\u00e2ncia e impacto social. Uma sugest\u00e3o de m\u00e9trica \u00e9 <a href=\"https:\/\/www.sopact.com\/perspectives\/social-return-on-investment-calculation\" target=\"_blank\" rel=\"noreferrer noopener\">Social Return on Investment \u2013 SROL<\/a>;<\/li>\n\n\n\n<li>Da executabilidade do projeto (potencial de uso, replicabilidade, financiamento etc.);<\/li>\n\n\n\n<li>Dos resultados j\u00e1 alcan\u00e7ados e esperados, potencial e\/ou cronograma para execu\u00e7\u00e3o ou continuidade do projeto.<\/li>\n<\/ul>\n\n\n\n<p>\u00c9 fortemente recomendado que os autores disponibilizem nas informa\u00e7\u00f5es adicionais URLs para o site, ou um link para download, ou um v\u00eddeo de demonstra\u00e7\u00e3o de seus projetos.<\/p>\n\n\n\n<p>Como regra geral do evento, a participa\u00e7\u00e3o no Pr\u00eamio LF est\u00e1&nbsp;condicionada \u00e0 inscri\u00e7\u00e3o no WebMedia 2025 de pelo menos um dos autores, que dever\u00e1 realizar a apresenta\u00e7\u00e3o do trabalho durante o evento.<\/p>\n\n\n\n<h2 class=\"wp-block-heading\">Premia\u00e7\u00e3o<\/h2>\n\n\n\n<p>Pelo menos tr\u00eas trabalhos ser\u00e3o selecionados para concorrer ao\u00a0Pr\u00eamio WebMedia LF. <\/p>\n\n\n\n<p>Alguns dos trabalhos premiados nos \u00faltimos anos s\u00e3o:<\/p>\n\n\n\n<ul class=\"wp-block-list\">\n<li>2020: trabalho desenvolvido por Jaline Mombach (UFG) intitulado \u201c<a href=\"https:\/\/sol.sbc.org.br\/index.php\/webmedia_estendido\/article\/view\/13072\" target=\"_blank\" rel=\"noreferrer noopener\">Aplicativo para sondagem de hip\u00f3tese de escrita infantil remota<\/a>\u201d.<\/li>\n\n\n\n<li>2021: trabalho desenvolvido por Pedro Henrique D\u2019Almeida Giberti Rissato (USP) e Alessandra Alaniz Macedo (USP), intitulado \u201c<a href=\"https:\/\/sol.sbc.org.br\/index.php\/webmedia_estendido\/article\/view\/17620\" target=\"_blank\" rel=\"noreferrer noopener\">SofiaFala: Software Inteligente de Apoio \u00e0 Fala<\/a>\u201d.<\/li>\n\n\n\n<li>2022: trabalho desenvolvido por Ianka Celuppi (UFSC), Jades Fernando Hammes (UFSC), Eduardo Dalmarco (UFSC), Raul Wazlawick (UFSC) e Ricardo Camargo Prado (UFSC), intitulado &#8220;<a href=\"https:\/\/sol.sbc.org.br\/index.php\/webmedia_estendido\/article\/view\/21997\" target=\"_blank\" rel=\"noreferrer noopener\">Aplicativo e-SUS Territ\u00f3rio: Ferramenta para a gest\u00e3o do territ\u00f3rio na Aten\u00e7\u00e3o Prim\u00e1ria \u00e0 Sa\u00fade do Brasil.<\/a>&#8220;<\/li>\n\n\n\n<li>2023: trabalho desenvolvido por Maria da Gra\u00e7a C. Pimentel, Juliana M.L. Eusebio, Rudinei Goularte, Uthant V. Leite, Helen Picoli, intitulado&nbsp;\u201c<a href=\"https:\/\/sol.sbc.org.br\/index.php\/webmedia_estendido\/article\/view\/25685\" target=\"_blank\" rel=\"noreferrer noopener\">Meninas Programadoras: Promovendo o Engajamento Feminino em Computa\u00e7\u00e3o&nbsp;via Cursos Curtos Online de Programa\u00e7\u00e3o.<\/a>&#8221;&nbsp;<\/li>\n\n\n\n<li>2024: trabalho desenvolvido por Kamila Rios da Hora Rodrigues, Suzane Santos dos Santos, Daniele Gallego, Ketlen Martins, Katherin F. C. Malpartida, Aline E. C. Verhalen e Jo\u00e3o Pedro de Deus. Universidade de S\u00e3o Paulo (USP), intitulado &#8220;<a href=\"https:\/\/sol.sbc.org.br\/index.php\/webmedia_estendido\/article\/view\/30502\" target=\"_blank\" rel=\"noreferrer noopener\">Pr\u00e1ticas com smartphones para idosos \u2013 Um projeto de extens\u00e3o do ICMC\/USP<\/a>&#8220;<\/li>\n<\/ul>\n\n\n\n<h2 class=\"wp-block-heading\">Coordena\u00e7\u00e3o da Comiss\u00e3o de Avalia\u00e7\u00e3o<\/h2>\n\n\n\n<p class=\"notranslate\">Alan Livio Vasconcelos Guedes (Univ. of Reading, UK)<br>Daniel de Sousa Moraes (PUC-Rio)<\/p>\n","protected":false},"excerpt":{"rendered":"<p>O Pr\u00eamio WebMedia LF&nbsp;\u00e9 promovido pela Comiss\u00e3o Especial da SBC para Sistemas Multim\u00eddia e Web (CE-WebMedia) e tem o objetivo de agraciar [&hellip;]<\/p>\n","protected":false},"author":3,"featured_media":0,"parent":0,"menu_order":0,"comment_status":"closed","ping_status":"closed","template":"page-templates\/page_fullwidth.php","meta":{"footnotes":""},"class_list":["post-76","page","type-page","status-publish","hentry"],"_links":{"self":[{"href":"https:\/\/webmedia.org.br\/2025\/wp-json\/wp\/v2\/pages\/76","targetHints":{"allow":["GET"]}}],"collection":[{"href":"https:\/\/webmedia.org.br\/2025\/wp-json\/wp\/v2\/pages"}],"about":[{"href":"https:\/\/webmedia.org.br\/2025\/wp-json\/wp\/v2\/types\/page"}],"author":[{"embeddable":true,"href":"https:\/\/webmedia.org.br\/2025\/wp-json\/wp\/v2\/users\/3"}],"replies":[{"embeddable":true,"href":"https:\/\/webmedia.org.br\/2025\/wp-json\/wp\/v2\/comments?post=76"}],"version-history":[{"count":23,"href":"https:\/\/webmedia.org.br\/2025\/wp-json\/wp\/v2\/pages\/76\/revisions"}],"predecessor-version":[{"id":2332,"href":"https:\/\/webmedia.org.br\/2025\/wp-json\/wp\/v2\/pages\/76\/revisions\/2332"}],"wp:attachment":[{"href":"https:\/\/webmedia.org.br\/2025\/wp-json\/wp\/v2\/media?parent=76"}],"curies":[{"name":"wp","href":"https:\/\/api.w.org\/{rel}","templated":true}]}}