{"id":64,"date":"2023-03-11T21:07:56","date_gmt":"2023-03-12T00:07:56","guid":{"rendered":"https:\/\/webmedia.org.br\/2023\/?page_id=64"},"modified":"2025-10-16T12:38:43","modified_gmt":"2025-10-16T15:38:43","slug":"minicursos-e-tutoriais-aceitos","status":"publish","type":"page","link":"https:\/\/webmedia.org.br\/2025\/minicursos-e-tutoriais-aceitos\/","title":{"rendered":"Minicursos e Tutoriais Aceitos"},"content":{"rendered":"\n<div class=\"wp-block-cover pages-title\" style=\"min-height:225px;aspect-ratio:unset;\"><span aria-hidden=\"true\" class=\"wp-block-cover__background has-background-dim\"><\/span><img loading=\"lazy\" decoding=\"async\" width=\"1024\" height=\"432\" class=\"wp-block-cover__image-background wp-image-1083\" alt=\"\" src=\"https:\/\/webmedia.org.br\/2025\/wp-content\/uploads\/2025\/04\/1_Site-WEBmedia_2025-1-1024x432.jpg\" style=\"object-position:80% 32%\" data-object-fit=\"cover\" data-object-position=\"80% 32%\" srcset=\"https:\/\/webmedia.org.br\/2025\/wp-content\/uploads\/2025\/04\/1_Site-WEBmedia_2025-1-1024x432.jpg 1024w, https:\/\/webmedia.org.br\/2025\/wp-content\/uploads\/2025\/04\/1_Site-WEBmedia_2025-1-300x126.jpg 300w, https:\/\/webmedia.org.br\/2025\/wp-content\/uploads\/2025\/04\/1_Site-WEBmedia_2025-1-768x324.jpg 768w, https:\/\/webmedia.org.br\/2025\/wp-content\/uploads\/2025\/04\/1_Site-WEBmedia_2025-1-1536x647.jpg 1536w, https:\/\/webmedia.org.br\/2025\/wp-content\/uploads\/2025\/04\/1_Site-WEBmedia_2025-1-2048x863.jpg 2048w, https:\/\/webmedia.org.br\/2025\/wp-content\/uploads\/2025\/04\/1_Site-WEBmedia_2025-1-1000x421.jpg 1000w, https:\/\/webmedia.org.br\/2025\/wp-content\/uploads\/2025\/04\/1_Site-WEBmedia_2025-1-230x97.jpg 230w, https:\/\/webmedia.org.br\/2025\/wp-content\/uploads\/2025\/04\/1_Site-WEBmedia_2025-1-350x148.jpg 350w, https:\/\/webmedia.org.br\/2025\/wp-content\/uploads\/2025\/04\/1_Site-WEBmedia_2025-1-480x202.jpg 480w\" sizes=\"auto, (max-width: 1024px) 100vw, 1024px\" \/><div class=\"wp-block-cover__inner-container is-layout-flow wp-block-cover-is-layout-flow\">\n<p class=\"has-text-align-center main-title notranslate has-x-large-font-size\">Minicursos e Tutoriais Aceitos<\/p>\n<\/div><\/div>\n\n\n\n<h4 class=\"wp-block-heading\">Practical GenAI Text-to-Image &amp; Text-to-Video with ComfyUI<\/h4>\n\n\n\n<p class=\"notranslate\">Alan Guedes (University of Reading).<\/p>\n\n\n\n<p class=\"tag-tutorial\">TUTORIAL<\/p>\n\n\n\n<h4 class=\"wp-block-heading\">Pesquisa com Seres Humanos em Computa\u00e7\u00e3o: Aspectos \u00c9ticos e Pr\u00e1ticas com Projetos de Pesquisa<\/h4>\n\n\n\n<p class=\"notranslate\">Maria da Gra\u00e7a Campos Pimentel (USP), Kamila Rodrigues (USP).<\/p>\n\n\n\n<p class=\"tag-tutorial\">TUTORIAL<\/p>\n\n\n\n<h4 class=\"wp-block-heading\">Acessibilidade digital: o que a ABNT NBR 17225:2025 traz para projetos web no contexto brasileiro<\/h4>\n\n\n\n<p class=\"notranslate\">Amanda Marques (Ceweb.br | NIC.br), Jeniffer Deus (Ceweb.br | NIC.br)<\/p>\n\n\n\n<p class=\"tag-tutorial\">TUTORIAL<\/p>\n\n\n\n<h4 class=\"wp-block-heading\">Compreens\u00e3o de v\u00eddeo e fluxos de trabalho de m\u00eddia inteligentes com IA generativa na AWS<\/h4>\n\n\n\n<p>Tiago Sim\u00e3o (Amazon Web Services)<\/p>\n\n\n\n<p class=\"tag-minicurso\">MINICURSO<\/p>\n\n\n\n<h4 class=\"wp-block-heading\">Grandes Modelos de Linguagem Multimodais (MLLMs): Da Teoria \u00e0 Pr\u00e1tica<\/h4>\n\n\n\n<p class=\"notranslate\">Thiago Henrique Silva (UTFPR), Rodrigo Minetto (UNICAMP), Myriam R. B. S. Delgado (Federal University of Technology of Parana), Jemal Jilo (CPGEI \/ UTFPR), Marina Borges, Neemias Buc\u00e9li da Silva (Universidade Federal de Mato Grosso do Sul), Frances Santos (UNICAMP), Paulo Avila, John Harrison.<\/p>\n\n\n\n<p class=\"tag-minicurso\">MINICURSO<\/p>\n\n\n\n<h4 class=\"wp-block-heading\">Desenvolvimento de Aplica\u00e7\u00f5es Interativas para TV 3.0<\/h4>\n\n\n\n<p class=\"notranslate\">Paulo Lima (PUC-Rio), Pedro Valentim (UFF), Rodrigo Sodr\u00e9 (UFF), Pedro Castro (CEFET\/RJ), Daniel de Sousa Moraes (PUC-Rio), S\u00e9rgio Colcher (PUC-Rio), Joel Andr\u00e9 Ferreira dos Santos (CEFET\/RJ), Debora C. Muchaluat-Saade (UFF)<\/p>\n\n\n\n<p class=\"tag-minicurso\">MINICURSO<\/p>\n\n\n\n<h4 class=\"wp-block-heading\">Agentic AI na Pr\u00e1tica<\/h4>\n\n\n\n<p class=\"notranslate\">Leandro Balby Marinho (Federal University of Campina Grande), Andr\u00e9 Carvalho (Ufam), Eliane Ara\u00fajo (UFCG).<\/p>\n\n\n\n<p class=\"tag-minicurso\">MINICURSO<\/p>\n\n\n\n<h4 class=\"wp-block-heading\">UX Research Envolvendo Pessoas Com Defici\u00eancia: Um Caminho Para Uma Webm\u00eddia Inclusiva<\/h4>\n\n\n\n<p class=\"notranslate\">Daniela Tavares (UFRJ\/UFF), Sara Elene Lobato dos Remedios (UNIRIO), Priscyla Barbosa (UNIRIO), Marcelo Bustamante Chilingue (Instituto Benjamin Constant), Mariana Faria (UFRJ), Marcelo Martins da Silva (UFC), Andre Pimenta Freire (UFLA).<\/p>\n\n\n\n<p class=\"tag-minicurso\">MINICURSO<\/p>\n","protected":false},"excerpt":{"rendered":"<p>Practical GenAI Text-to-Image &amp; Text-to-Video with ComfyUI Alan Guedes (University of Reading). TUTORIAL Pesquisa com Seres Humanos em Computa\u00e7\u00e3o: Aspectos \u00c9ticos e [&hellip;]<\/p>\n","protected":false},"author":3,"featured_media":0,"parent":0,"menu_order":0,"comment_status":"closed","ping_status":"closed","template":"page-templates\/page_fullwidth.php","meta":{"footnotes":""},"class_list":["post-64","page","type-page","status-publish","hentry"],"_links":{"self":[{"href":"https:\/\/webmedia.org.br\/2025\/wp-json\/wp\/v2\/pages\/64","targetHints":{"allow":["GET"]}}],"collection":[{"href":"https:\/\/webmedia.org.br\/2025\/wp-json\/wp\/v2\/pages"}],"about":[{"href":"https:\/\/webmedia.org.br\/2025\/wp-json\/wp\/v2\/types\/page"}],"author":[{"embeddable":true,"href":"https:\/\/webmedia.org.br\/2025\/wp-json\/wp\/v2\/users\/3"}],"replies":[{"embeddable":true,"href":"https:\/\/webmedia.org.br\/2025\/wp-json\/wp\/v2\/comments?post=64"}],"version-history":[{"count":20,"href":"https:\/\/webmedia.org.br\/2025\/wp-json\/wp\/v2\/pages\/64\/revisions"}],"predecessor-version":[{"id":2274,"href":"https:\/\/webmedia.org.br\/2025\/wp-json\/wp\/v2\/pages\/64\/revisions\/2274"}],"wp:attachment":[{"href":"https:\/\/webmedia.org.br\/2025\/wp-json\/wp\/v2\/media?parent=64"}],"curies":[{"name":"wp","href":"https:\/\/api.w.org\/{rel}","templated":true}]}}