{"id":184,"date":"2023-03-14T14:55:55","date_gmt":"2023-03-14T17:55:55","guid":{"rendered":"https:\/\/webmedia.org.br\/2023\/?page_id=184"},"modified":"2025-11-05T11:07:14","modified_gmt":"2025-11-05T14:07:14","slug":"ctic-programacao","status":"publish","type":"page","link":"https:\/\/webmedia.org.br\/2025\/ctic-programacao\/","title":{"rendered":"CTIC | Concurso de Trabalhos de Inicia\u00e7\u00e3o Cient\u00edfica &#8211; Programa\u00e7\u00e3o"},"content":{"rendered":"\n<div class=\"wp-block-cover pages-title\" style=\"min-height:225px;aspect-ratio:unset;\"><span aria-hidden=\"true\" class=\"wp-block-cover__background has-background-dim\"><\/span><img loading=\"lazy\" decoding=\"async\" width=\"1024\" height=\"432\" class=\"wp-block-cover__image-background wp-image-1083\" alt=\"\" src=\"https:\/\/webmedia.org.br\/2025\/wp-content\/uploads\/2025\/04\/1_Site-WEBmedia_2025-1-1024x432.jpg\" data-object-fit=\"cover\" srcset=\"https:\/\/webmedia.org.br\/2025\/wp-content\/uploads\/2025\/04\/1_Site-WEBmedia_2025-1-1024x432.jpg 1024w, https:\/\/webmedia.org.br\/2025\/wp-content\/uploads\/2025\/04\/1_Site-WEBmedia_2025-1-300x126.jpg 300w, https:\/\/webmedia.org.br\/2025\/wp-content\/uploads\/2025\/04\/1_Site-WEBmedia_2025-1-768x324.jpg 768w, https:\/\/webmedia.org.br\/2025\/wp-content\/uploads\/2025\/04\/1_Site-WEBmedia_2025-1-1536x647.jpg 1536w, https:\/\/webmedia.org.br\/2025\/wp-content\/uploads\/2025\/04\/1_Site-WEBmedia_2025-1-2048x863.jpg 2048w, https:\/\/webmedia.org.br\/2025\/wp-content\/uploads\/2025\/04\/1_Site-WEBmedia_2025-1-1000x421.jpg 1000w, https:\/\/webmedia.org.br\/2025\/wp-content\/uploads\/2025\/04\/1_Site-WEBmedia_2025-1-230x97.jpg 230w, https:\/\/webmedia.org.br\/2025\/wp-content\/uploads\/2025\/04\/1_Site-WEBmedia_2025-1-350x148.jpg 350w, https:\/\/webmedia.org.br\/2025\/wp-content\/uploads\/2025\/04\/1_Site-WEBmedia_2025-1-480x202.jpg 480w\" sizes=\"auto, (max-width: 1024px) 100vw, 1024px\" \/><div class=\"wp-block-cover__inner-container is-layout-flow wp-block-cover-is-layout-flow\">\n<p class=\"has-text-align-center main-title has-x-large-font-size\">CTIC | Concurso de Trabalhos de Inicia\u00e7\u00e3o Cient\u00edfica &#8211; Programa\u00e7\u00e3o<\/p>\n<\/div><\/div>\n\n\n\n<div class=\"wp-block-buttons is-content-justification-center is-layout-flex wp-container-core-buttons-is-layout-16018d1d wp-block-buttons-is-layout-flex\">\n<div class=\"wp-block-button\"><a class=\"wp-block-button__link has-white-color has-text-color has-link-color wp-element-button\" href=\"https:\/\/webmedia.org.br\/2025\/wp-content\/uploads\/2025\/11\/Programacao-Geral.pdf\" target=\"_blank\" rel=\"noreferrer noopener\">Baixe a programa\u00e7\u00e3o geral<\/a><\/div>\n<\/div>\n\n\n\n<h3 class=\"wp-block-heading\"><strong><mark style=\"background-color:rgba(0, 0, 0, 0);color:#003399\" class=\"has-inline-color\">CTIC I: Intelig\u00eancia Artificial e Processamento de Linguagem<\/mark><\/strong><\/h3>\n\n\n\n<h5 class=\"wp-block-heading\"><strong><mark style=\"background-color:rgba(0, 0, 0, 0);color:#003399\" class=\"has-inline-color\">Quinta-feira (13\/11), das 08:30 \u00e0s 10:30 \u2013 Local: Mini Audit\u00f3rio RDC<\/mark><\/strong><\/h5>\n\n\n\n<h4 class=\"wp-block-heading\"><strong>An\u00e1lise Aprimorada das Percep\u00e7\u00f5es dos Usu\u00e1rios por Meio de Abordagens de Processamento de Linguagem Natural<\/strong><\/h4>\n\n\n\n<p class=\"notranslate\">Ana Cl\u00e1udia Machado (UFSJ), Gabriel Prenassi (UFSJ), Elisa Tuler (UFSJ), Leonardo Rocha (UFSJ)<\/p>\n\n\n\n<h4 class=\"wp-block-heading\"><strong>Aprimorando a Efici\u00eancia e a Equidade de uma Abordagem Perspectivista Para Detec\u00e7\u00e3o de Ironia<\/strong><\/h4>\n\n\n\n<p class=\"notranslate\">Samuel Jesus (UFMG), Guilherme Dal Bianco (UFFS), Wanderlei Junior (UFMG), Valerio Basile, Marcos Gon\u00e7alves (UFMG)<\/p>\n\n\n\n<h4 class=\"wp-block-heading\"><strong>Assessing the Potential of Large Language Models (LLMs) for the Automatic Generation of Solutions for Programming Exercises<\/strong><\/h4>\n\n\n\n<p class=\"notranslate\">Andr\u00e9 Alc\u00e2ntara (UFV), Mateus Pinto Silva (UFV), Hugo Oliveira (UFPB), Julio C. S. Reis (UFV)<\/p>\n\n\n\n<h4 class=\"wp-block-heading\"><strong>Building and Analyzing an Open Repository of Programming Exercises in Portuguese<\/strong><\/h4>\n\n\n\n<p class=\"notranslate\">Vinicius Kuster Lodi (UFV), Jo\u00e3o Pedro Medrado Sena (USP\/ICMC), Julio C. S. Reis (UFV)<\/p>\n\n\n\n<h4 class=\"wp-block-heading\"><strong>Modelos de Linguagem na An\u00e1lise da Promo\u00e7\u00e3o de Jogos de Azar Online: Estudo de Caso do Jogo do Tigrinho no YouTube<\/strong><\/h4>\n\n\n\n<p class=\"notranslate\">Jessica Costa (UFOP), Leonardo Rocha (UFSJ), Carlos Henrique Gomes Ferreira (UFOP)<\/p>\n\n\n\n<h4 class=\"wp-block-heading\"><strong>OACE: Multi-criteria Assessment of Assertiveness and Cost for Deep Learning Models<\/strong><\/h4>\n\n\n\n<p class=\"notranslate\">Lyanh Lopes Pinto (UFPA), Marcos C\u00e9sar da Rocha Seruffo (UFPA)<\/p>\n\n\n\n<h4 class=\"wp-block-heading\"><strong>Operationalizing Knowledge Gain: Implementing and Testing the DKG Metric in Search Environments<\/strong><\/h4>\n\n\n\n<p class=\"notranslate\">Rafael Tavares (UNIRIO), Sean W. M. Siqueira (UNIRIO), Marcelo Tibau (UNIRIO)<\/p>\n\n\n\n<h3 class=\"wp-block-heading\"><strong><mark style=\"background-color:rgba(0, 0, 0, 0);color:#003399\" class=\"has-inline-color\">CTIC II: Tecnologias Aplicadas \u00e0 Sa\u00fade e Acessibilidade<\/mark><\/strong><\/h3>\n\n\n\n<h5 class=\"wp-block-heading\"><strong><mark style=\"background-color:rgba(0, 0, 0, 0);color:#003399\" class=\"has-inline-color\">Quinta-feira (13\/11), das 14:00 \u00e0s 16:00 \u2013 Local: Mini Audit\u00f3rio RDC<\/mark><\/strong><\/h5>\n\n\n\n<h4 class=\"wp-block-heading\"><strong>Avalia\u00e7\u00e3o de Usabilidade do SofiaFala: Melhorando a Tecnologia Assistiva para Terapias de Fala<\/strong><\/h4>\n\n\n\n<p class=\"notranslate\">Victor Hugo da Silva Lembor (USP), Alessandra Alaniz Macedo (USP)<\/p>\n\n\n\n<h4 class=\"wp-block-heading\"><strong>Desenvolvimento de Software para Videolaringosc\u00f3pio Assistivo de Baixo Custo Aplicado ao Treinamento e Ensino de Laringoscopia<\/strong><\/h4>\n\n\n\n<p class=\"notranslate\">Thiago Guimar\u00e3es Rebello Mendon\u00e7a de Alc\u00e2ntara (PESC\/UFRJ), Bruno Pedra\u00e7a de Souza (COPPE\/UFRJ), Guilherme Horta Travassos (COPPE\/UFRJ)<\/p>\n\n\n\n<h4 class=\"wp-block-heading\"><strong>Diagn\u00f3stico Hier\u00e1rquico em Cardiologia Utilizando um Modelo de Mistura de Especialistas e Conhecimento Pr\u00e9vio de Cardiologistas<\/strong><\/h4>\n\n\n\n<p class=\"notranslate\">Diogo Tuler Chaves (UFMG), Pedro Robles Dutenhefner (UFMG), Gisele Pappa (UFMG), Ant\u00f4nio L. P. Ribeiro (UFMG), Gabriela Paix\u00e3o (UFMG), Wagner Meira Jr. (UFMG)<\/p>\n\n\n\n<h4 class=\"wp-block-heading\"><strong>From Voices to Data: Tools for Creating a Multitask Atypical Speech Corpus through Citizen Science<\/strong><\/h4>\n\n\n\n<p class=\"notranslate\">Caio Oliveira Di Gioia (USP), Victor Hugo da Silva Lembor (USP), Samira Fares (USP), Alessandra Alaniz Macedo (USP)<\/p>\n\n\n\n<h4 class=\"wp-block-heading\"><strong>Revers\u00e3o anagl\u00edfica baseada em m\u00e9todo r\u00e1pido<\/strong><\/h4>\n\n\n\n<p class=\"notranslate\">Felipe Carneiro Machado (USP\/ICMC), Rudinei Goularte (USP)<\/p>\n\n\n\n<h4 class=\"wp-block-heading\"><strong>Solu\u00e7\u00f5es Tecnol\u00f3gicas para a Mobilidade de Pessoas com Defici\u00eancia Visual: Realidade Virtual e Navega\u00e7\u00e3o Interna com Wi-Fi<\/strong><\/h4>\n\n\n\n<p class=\"notranslate\">Davi Macedo da Fonseca (CEFET\/RJ), Ana Clara da Costa Souza (CEFET\/RJ), Glauco Fiorott Amorim (CEFET\/RJ), Joel Andr\u00e9 Ferreira dos Santos (CEFET\/RJ)<\/p>\n","protected":false},"excerpt":{"rendered":"<p>CTIC I: Intelig\u00eancia Artificial e Processamento de Linguagem Quinta-feira (13\/11), das 08:30 \u00e0s 10:30 \u2013 Local: Mini Audit\u00f3rio RDC An\u00e1lise Aprimorada das [&hellip;]<\/p>\n","protected":false},"author":3,"featured_media":0,"parent":0,"menu_order":0,"comment_status":"closed","ping_status":"closed","template":"page-templates\/page_fullwidth.php","meta":{"footnotes":""},"class_list":["post-184","page","type-page","status-publish","hentry"],"_links":{"self":[{"href":"https:\/\/webmedia.org.br\/2025\/wp-json\/wp\/v2\/pages\/184","targetHints":{"allow":["GET"]}}],"collection":[{"href":"https:\/\/webmedia.org.br\/2025\/wp-json\/wp\/v2\/pages"}],"about":[{"href":"https:\/\/webmedia.org.br\/2025\/wp-json\/wp\/v2\/types\/page"}],"author":[{"embeddable":true,"href":"https:\/\/webmedia.org.br\/2025\/wp-json\/wp\/v2\/users\/3"}],"replies":[{"embeddable":true,"href":"https:\/\/webmedia.org.br\/2025\/wp-json\/wp\/v2\/comments?post=184"}],"version-history":[{"count":11,"href":"https:\/\/webmedia.org.br\/2025\/wp-json\/wp\/v2\/pages\/184\/revisions"}],"predecessor-version":[{"id":2478,"href":"https:\/\/webmedia.org.br\/2025\/wp-json\/wp\/v2\/pages\/184\/revisions\/2478"}],"wp:attachment":[{"href":"https:\/\/webmedia.org.br\/2025\/wp-json\/wp\/v2\/media?parent=184"}],"curies":[{"name":"wp","href":"https:\/\/api.w.org\/{rel}","templated":true}]}}