{"id":1189,"date":"2025-04-14T13:30:29","date_gmt":"2025-04-14T16:30:29","guid":{"rendered":"https:\/\/webmedia.org.br\/2025\/?page_id=1189"},"modified":"2025-10-05T19:57:19","modified_gmt":"2025-10-05T22:57:19","slug":"membros-do-comite-de-programa","status":"publish","type":"page","link":"https:\/\/webmedia.org.br\/2025\/membros-do-comite-de-programa\/","title":{"rendered":"Comit\u00ea de Programa"},"content":{"rendered":"\n<div class=\"wp-block-cover pages-title\" style=\"min-height:225px;aspect-ratio:unset;\"><span aria-hidden=\"true\" class=\"wp-block-cover__background has-background-dim\"><\/span><img loading=\"lazy\" decoding=\"async\" width=\"1024\" height=\"432\" class=\"wp-block-cover__image-background wp-image-1083\" alt=\"\" src=\"https:\/\/webmedia.org.br\/2025\/wp-content\/uploads\/2025\/04\/1_Site-WEBmedia_2025-1-1024x432.jpg\" style=\"object-position:80% 32%\" data-object-fit=\"cover\" data-object-position=\"80% 32%\" srcset=\"https:\/\/webmedia.org.br\/2025\/wp-content\/uploads\/2025\/04\/1_Site-WEBmedia_2025-1-1024x432.jpg 1024w, https:\/\/webmedia.org.br\/2025\/wp-content\/uploads\/2025\/04\/1_Site-WEBmedia_2025-1-300x126.jpg 300w, https:\/\/webmedia.org.br\/2025\/wp-content\/uploads\/2025\/04\/1_Site-WEBmedia_2025-1-768x324.jpg 768w, https:\/\/webmedia.org.br\/2025\/wp-content\/uploads\/2025\/04\/1_Site-WEBmedia_2025-1-1536x647.jpg 1536w, https:\/\/webmedia.org.br\/2025\/wp-content\/uploads\/2025\/04\/1_Site-WEBmedia_2025-1-2048x863.jpg 2048w, https:\/\/webmedia.org.br\/2025\/wp-content\/uploads\/2025\/04\/1_Site-WEBmedia_2025-1-1000x421.jpg 1000w, https:\/\/webmedia.org.br\/2025\/wp-content\/uploads\/2025\/04\/1_Site-WEBmedia_2025-1-230x97.jpg 230w, https:\/\/webmedia.org.br\/2025\/wp-content\/uploads\/2025\/04\/1_Site-WEBmedia_2025-1-350x148.jpg 350w, https:\/\/webmedia.org.br\/2025\/wp-content\/uploads\/2025\/04\/1_Site-WEBmedia_2025-1-480x202.jpg 480w\" sizes=\"auto, (max-width: 1024px) 100vw, 1024px\" \/><div class=\"wp-block-cover__inner-container is-layout-flow wp-block-cover-is-layout-flow\">\n<p class=\"has-text-align-center main-title has-x-large-font-size\">Membros do Comit\u00ea de Programa<\/p>\n<\/div><\/div>\n\n\n\n<h3 class=\"wp-block-heading\">Coordena\u00e7\u00e3o do Comit\u00ea de Programa<\/h3>\n\n\n\n<p class=\"notranslate\">Carlos de Salles Soares Neto (UFMA)<br>Alessandra Alaniz Macedo (FFCLRP\/USP)<\/p>\n\n\n\n<h3 class=\"wp-block-heading\">Membros do Comit\u00ea<\/h3>\n\n\n\n<p class=\"notranslate\">Adenauer Yamin (UFPEL)<br>Adriano C. M. Pereira (UFMG)<br>Agebson Rocha Fa\u00e7anha (IFCE)<br>Alan Guedes (University of Reading)<br>Alana Oliveira (UFMA)<br>Aleph Campos da Silveira (Tampere University)<br>Alessandreia Marta de Oliveira (UFJF)<br>Alinne Souza (UTFPR)<br>Allan Edgard Silva Freitas (IFBA)<br>Ana Paula Couto da Silva (UFMG)<br>Anderson Almeida Ferreira (UFOP)<br>Andre Pimenta Freire (UFLA)<br>Andr\u00e9 Santanch\u00e8 (UNICAMP)<br>Andr\u00e9 Zanon (University College Cork)<br>Anisio Lacerda (UFMG)<br>Anselmo C. Paiva (UFMA)<br>Antonio A. de A. Rocha (UFF)<br>Antonio Jos\u00e9 Grandson Busson (BTG Pactual)<br>Assuero Fonseca Ximenes (UFAPE)<br>Bruna Carolina Rodrigues da Cunha (ICMC\/USP)<br>Bruno Eduardo Madeira (IME)<br>Bruno Pereira Santos (UFBA)<br>Carlos A. G. Ferraz (UFPE)<br>Carlos Eduardo Batista (UFPB)<br>Carlos Hitoshi Morimoto (USP)<br>Carlos Henrique Gomes Ferreira (UFOP)<br>Carlos Mauricio S. Figueiredo (UEA)<br>Carolina Ribeiro Xavier (UFSJ)<br>Caroline Queiroz Santos (UFVJM)<br>Celso Alberto Saibel Santos (UFES)<br>Claudio de Souza Baptista (UFCG)<br>Clever R. G. Farias (FFCLRP\/USP)<br>Cristiano A. Costa (UNISINOS)<br>Dalvan Griebler (PUCRS)<br>Daniel de Sousa Moraes (PUC-Rio)<br>Daniel Hasan Dalip (CEFET-MG)<br>Daniel Lucr\u00e9dio (UFSCar)<br>Daniel Rodrigues dos Santos (IME)<br>Daniel Vasconcelos Corr\u00eaa da Silva (IFF)<br>Danilo Barbosa Coimbra (UFBA)<br>Danilo Boechat Seufitelli (CEFET-MG)<br>Darlinton B. F. Carvalho (UFSJ)<br>Debora C. Muchaluat-Saade (UFF)<br>Delano Medeiros Beder (UFSCar)<br>Deller James Ferreira (UFG)<br>Diego Roberto Colombo Dias (UFES)<br>Dilvan Moreira (USP)<br>Diogo Menezes Ferrazani Mattos (UFF)<br>Diogo Nolasco (UFRJ)<br>Eduardo Barr\u00e9re (UFJF)<br>Eliana Zen (UFSM)<br>Elis\u00e2ngela Silva Dias (UFG)<br>Evandro E. S. Ruiz (USP)<br>Everton Cavalcante (UFRN)<br>Fabio de Jesus Lima Gomes (IFPI)<br>Fabiola Souza Fernandes Pereira (UFU)<br>Fabr\u00edcio Raphael Silva Pereira (UNIRIO)<br>Fernando Antonio Mota Trinta (UFC)<br>Francisco Carlos Monteiro Souza (UTFPR)<br>Frank Siqueira (UFSC)<br>Frederico Ara\u00fajo da Silva Lopes (UFRN)<br>Frederico Araujo Durao (UFBA)<br>Gabriel F. C. de Queiroz (CEFET-RJ)<br>George Ghinea (Brunel University London)<br>George L. M. Teodoro (UFMG)<br>Gilson Augusto Helfer (UNISC)<br>Giovanni Comarela (UFES)<br>Gladston Moreira (UFOP)<br>Glauber Dias Gon\u00e7alves (UFPI)<br>Gl\u00edvia Ang\u00e9lica Rodrigues Barbosa (CEFET-MG)<br>Guilherme Lima (IBM Research)<br>Guillermo Camara-Chavez (UFOP)<br>Humberto Torres Marques-Neto (PUC Minas)<br>Iwens Sene Jr (UFG)<br>Joab Cavalcante Silva (USP)<br>Jo\u00e3o Mossmann (FEEVALE)<br>Joel Andr\u00e9 Ferreira dos Santos (CEFET-RJ)<br>Jonice de Oliveira Sampaio J Oliveira (UFRJ)<br>Jorge Barbosa (UNISINOS)<br>Jos\u00e9 Gilvan Rodrigues Maia (UFC)<br>Jos\u00e9 Maria David (UFJF)<br>Jos\u00e9 Valdeni De Lima (UFRGS)<br>J\u00falio C\u00e9zar Estrella (USP)<br>Julio C. S. Reis (UFV)<br>Julio Cesar Duarte (IME)<br>Jussara Almeida (UFMG)<br>Kamila Rodrigues (USP)<br>Kattiana Fernandes Constantino (UFVJM)<br>Laurentino Dantas (IFMS)<br>Leonardo Rocha (UFSJ)<br>Li-Chang Shuen Cristina Silva Sousa (UFMA)<br>Lina Garc\u00e9s (ICMC\/USP)<br>Luciana Martimiano (UEM)<br>Luis Fernando Maia (IFMA)<br>Luiz Paulo Carvalho (UFRJ)<br>Manoel Carvalho Marques (IFBA)<br>Marcelo Fernandes (IESP)<br>Marcelo G. Manzato (USP)<br>Marcelo Ferreira Moreno (UFJF)<br>Marcos Arrais (PUC Minas)<br>Marcos C\u00e9sar da Rocha Seruffo (UFPA)<br>Maria Lucia Bento Villela (UFV)<br>Maria da Graca Campos Pimentel (USP)<br>Marina Ivanov Josu\u00e9 (UFF)<br>Mario Meireles Teixeira (UFMA)<br>Matheus Carvalho Viana (UFSJ)<br>Michele Brand\u00e3o (UFMG)<br>Mirela T. Cazzolato (USP)<br>Mirella M. Moro (UFMG)<br>Mirko Perkusich (UFCG)<br>M\u00f4nica Ferreira da Silva (UFRJ)<br>Nat\u00e1lia Cosse Batista (UNIFEI)<br>Necio de Lima Veras (IFCE)<br>N\u00edcollas Silva (UFMG)<br>Olibario Machado Neto (UFMS)<br>Paulo Fernando Ferreira Rosa (IME)<br>Paulo Antonio Leal Rego (UFC)<br>Pedro Calais (UFMG)<br>Pedro Olmo Stancioli Vaz de Melo (UFMG)<br>Polyana Bezerra da Costa (UFMA)<br>Racyus Pac\u00edfico (UFOP)<br>Rafael Anchi\u00eata (IFMA)<br>Rafael Kunst (UNISINOS)<br>Raiza Hanada (INDT)<br>Raoni Simoes Ferreira (UFAC)<br>Renan G. Cattelan (UFU)<br>Renata Galante (UFRGS)<br>Renato de Freitas Bulc\u00e3o Neto (UFG)<br>Renato Fileto (UFSC)<br>Renato Tinos (USP)<br>Ricardo Marcondes Marcacini (ICMC\/USP)<br>Roberto Azevedo (Disney Research|Studios)<br>Roberto Willrich (UFSC)<br>Rodrigo Campos Bortoletto (IFSP)<br>Rodrigo Costa Mesquita Santos (Microsoft)<br>Rodrigo Mitsuo Kishi (UFMS)<br>Ronaldo dos Santos Mello (UFSC)<br>Ronaldo R. Goldschmidt (IME)<br>Ronaldo Ribeiro Goldschmidt (IME)<br>Rostand Edson Oliveira Costa (UFPB)<br>Rudinei Goularte (USP)<br>Ryan Ribeiro de Azevedo (UFAPE)<br>S\u00e9rgio Colcher (PUC-Rio)<br>Silas Lima Filho (UFRJ)<br>Silvio Jamil F. Guimar\u00e3es (PUC Minas)<br>Sofia Costa Paiva (UFG)<br>Suzane Santos dos Santos (USP)<br>Taciana Novo Kudo (UFG)<br>Thais Silva (UFV)<br>Thais Vasconcelos Batista (UFRN)<br>Thiago Henrique Silva (UTFPR)<br>Tiago Cruz de Fran\u00e7a (UFRRJ)<br>Tiago Henrique Trojahn (USP\/IFSP)<br>Tiago Maritan U. de Ara\u00fajo (UFPB)<br>Tiago Bonini Borchartt (UFMA)<br>Valdecir Becker (UFPB)<br>Valdemar Vicente Graciano Neto (UFG)<br>Vania Neris (UFSCar)<br>Vinicius F. S. Mota (UFES)<br>Vinicius Kruger da Costa (IFSul)<br>Washington Cunha (UFMG)<br>Wellington Franco (UFC)<br>Willian Massami Watanabe (USP)<br>Willian Massami Watanabe (UTFPR)<br>Windson Viana (UFC)<\/p>\n","protected":false},"excerpt":{"rendered":"<p>Coordena\u00e7\u00e3o do Comit\u00ea de Programa Carlos de Salles Soares Neto (UFMA)Alessandra Alaniz Macedo (FFCLRP\/USP) Membros do Comit\u00ea Adenauer Yamin (UFPEL)Adriano C. M. [&hellip;]<\/p>\n","protected":false},"author":3,"featured_media":0,"parent":0,"menu_order":0,"comment_status":"closed","ping_status":"closed","template":"","meta":{"footnotes":""},"class_list":["post-1189","page","type-page","status-publish","hentry"],"_links":{"self":[{"href":"https:\/\/webmedia.org.br\/2025\/wp-json\/wp\/v2\/pages\/1189","targetHints":{"allow":["GET"]}}],"collection":[{"href":"https:\/\/webmedia.org.br\/2025\/wp-json\/wp\/v2\/pages"}],"about":[{"href":"https:\/\/webmedia.org.br\/2025\/wp-json\/wp\/v2\/types\/page"}],"author":[{"embeddable":true,"href":"https:\/\/webmedia.org.br\/2025\/wp-json\/wp\/v2\/users\/3"}],"replies":[{"embeddable":true,"href":"https:\/\/webmedia.org.br\/2025\/wp-json\/wp\/v2\/comments?post=1189"}],"version-history":[{"count":13,"href":"https:\/\/webmedia.org.br\/2025\/wp-json\/wp\/v2\/pages\/1189\/revisions"}],"predecessor-version":[{"id":2109,"href":"https:\/\/webmedia.org.br\/2025\/wp-json\/wp\/v2\/pages\/1189\/revisions\/2109"}],"wp:attachment":[{"href":"https:\/\/webmedia.org.br\/2025\/wp-json\/wp\/v2\/media?parent=1189"}],"curies":[{"name":"wp","href":"https:\/\/api.w.org\/{rel}","templated":true}]}}