{"id":1904,"date":"2024-09-12T10:33:29","date_gmt":"2024-09-12T13:33:29","guid":{"rendered":"https:\/\/webmedia.org.br\/2024\/?page_id=1904"},"modified":"2024-09-12T10:47:44","modified_gmt":"2024-09-12T13:47:44","slug":"workshop-futuro-da-tv-digital-interativa-aceitos","status":"publish","type":"page","link":"https:\/\/webmedia.org.br\/2024\/workshop-futuro-da-tv-digital-interativa-aceitos\/","title":{"rendered":"WTVDI | Workshop Futuro da TV Digital Interativa aceitos"},"content":{"rendered":"\t\t<div data-elementor-type=\"wp-page\" data-elementor-id=\"1904\" class=\"elementor elementor-1904\" data-elementor-post-type=\"page\">\n\t\t\t\t\t\t\t\t\t<section class=\"elementor-section elementor-top-section elementor-element elementor-element-995d100 elementor-section-height-min-height elementor-section-boxed elementor-section-height-default elementor-section-items-middle\" data-id=\"995d100\" data-element_type=\"section\" data-settings=\"{&quot;background_background&quot;:&quot;classic&quot;}\" data-e-bg-lazyload=\".elementor-background-overlay\">\n\t\t\t\t\t\t\t<div class=\"elementor-background-overlay\"><\/div>\n\t\t\t\t\t\t\t<div class=\"elementor-container elementor-column-gap-default\">\n\t\t\t\t\t<div class=\"elementor-column elementor-col-100 elementor-top-column elementor-element elementor-element-1a8bacab\" data-id=\"1a8bacab\" data-element_type=\"column\">\n\t\t\t<div class=\"elementor-widget-wrap elementor-element-populated\">\n\t\t\t\t\t\t\t\t<div class=\"elementor-element elementor-element-9d8a180 elementor-widget elementor-widget-heading\" data-id=\"9d8a180\" data-element_type=\"widget\" data-widget_type=\"heading.default\">\n\t\t\t\t<div class=\"elementor-widget-container\">\n\t\t\t<style>\/*! elementor - v3.15.0 - 31-07-2023 *\/\n.elementor-heading-title{padding:0;margin:0;line-height:1}.elementor-widget-heading .elementor-heading-title[class*=elementor-size-]>a{color:inherit;font-size:inherit;line-height:inherit}.elementor-widget-heading .elementor-heading-title.elementor-size-small{font-size:15px}.elementor-widget-heading .elementor-heading-title.elementor-size-medium{font-size:19px}.elementor-widget-heading .elementor-heading-title.elementor-size-large{font-size:29px}.elementor-widget-heading .elementor-heading-title.elementor-size-xl{font-size:39px}.elementor-widget-heading .elementor-heading-title.elementor-size-xxl{font-size:59px}<\/style><h1 class=\"elementor-heading-title elementor-size-default\">Workshop Futuro da TV Digital Interativa - Artigos Aceitos<\/h1>\t\t<\/div>\n\t\t\t\t<\/div>\n\t\t\t\t\t<\/div>\n\t\t<\/div>\n\t\t\t\t\t\t\t<\/div>\n\t\t<\/section>\n\t\t\t\t<section class=\"elementor-section elementor-top-section elementor-element elementor-element-bf94b7a elementor-section-height-min-height elementor-section-boxed elementor-section-height-default elementor-section-items-middle\" data-id=\"bf94b7a\" data-element_type=\"section\">\n\t\t\t\t\t\t<div class=\"elementor-container elementor-column-gap-default\">\n\t\t\t\t\t<div class=\"elementor-column elementor-col-100 elementor-top-column elementor-element elementor-element-91a9634\" data-id=\"91a9634\" data-element_type=\"column\">\n\t\t\t<div class=\"elementor-widget-wrap elementor-element-populated\">\n\t\t\t\t\t\t\t\t<div class=\"elementor-element elementor-element-df941be elementor-widget elementor-widget-text-editor\" data-id=\"df941be\" data-element_type=\"widget\" data-widget_type=\"text-editor.default\">\n\t\t\t\t<div class=\"elementor-widget-container\">\n\t\t\t<style>\/*! elementor - v3.15.0 - 31-07-2023 *\/\n.elementor-widget-text-editor.elementor-drop-cap-view-stacked .elementor-drop-cap{background-color:#69727d;color:#fff}.elementor-widget-text-editor.elementor-drop-cap-view-framed .elementor-drop-cap{color:#69727d;border:3px solid;background-color:transparent}.elementor-widget-text-editor:not(.elementor-drop-cap-view-default) .elementor-drop-cap{margin-top:8px}.elementor-widget-text-editor:not(.elementor-drop-cap-view-default) .elementor-drop-cap-letter{width:1em;height:1em}.elementor-widget-text-editor .elementor-drop-cap{float:left;text-align:center;line-height:1;font-size:50px}.elementor-widget-text-editor .elementor-drop-cap-letter{display:inline-block}<\/style>\t\t\t\t<p><!-- wp:heading --><\/p>\n<h2 style=\"font-size: 1.75em;\"><strong>Avalia\u00e7\u00e3o da Experi\u00eancia do Telespectador na Transi\u00e7\u00e3o para a TV Orientada a Aplicativos<\/strong><\/h2>\n<p><span style=\"font-size: 0.75em; padding: 2px 10px 2px 10px; border-radius: 3px; color: #fff; background-color: #003eba;\"><strong>SESS\u00c3O T\u00c9CNICA: AN\u00c1LISE E EXPLORA\u00c7\u00c3O DO CEN\u00c1RIO DA TV 3.0<\/strong><\/span><\/p>\n<p><span style=\"font-weight: 400;\">Li-Chang Shuen (UFMA), Carlos de Salles Soares Neto (UFMA), Marcelo F. Moreno (UFJF), Zefinha Bentivi (UFMA), Jo\u00e3o Victor Cruz Gon\u00e7alves (UFMA), Iago Victor Silva Costa (UFMA)<\/span><\/p>\n<p>\u00a0<\/p>\n<h2 style=\"font-size: 1.75em;\"><strong>Exploring the Potential of TV 3.0: Applications and Impact on Content Delivery and Audience Engagement<\/strong><\/h2>\n<p><span style=\"font-size: 0.75em; padding: 2px 10px 2px 10px; border-radius: 3px; color: #fff; background-color: #003eba;\"><strong>SESS\u00c3O T\u00c9CNICA: AN\u00c1LISE E EXPLORA\u00c7\u00c3O DO CEN\u00c1RIO DA TV 3.0<\/strong><\/span><\/p>\n<p><span style=\"font-weight: 400;\">Daniel de Sousa Moraes (PUC-Rio), Paulo Victor Borges (PUC-Rio), Polyana Bezerra da Costa (UFMA), Yan Martins B. Gurevitz (PUC-Rio), Pedro T. Cutrim dos Santos (UFMA), Jos\u00e9 Matheus Carvalho Boaro (PUC-Rio), Adeoye Sunday Ladele (PUC-Rio), S\u00e9rgio Colcher (PUC-Rio)<\/span><\/p>\n<p>\u00a0<\/p>\n<h2 style=\"font-size: 1.75em;\"><strong>Planejamento e Estrat\u00e9gia de Comunica\u00e7\u00e3o para a TV UFMA na transi\u00e7\u00e3o para a TV 3.0<\/strong><\/h2>\n<p><span style=\"font-size: 0.75em; padding: 2px 10px 2px 10px; border-radius: 3px; color: #fff; background-color: #003eba;\"><strong>SESS\u00c3O T\u00c9CNICA: AN\u00c1LISE E EXPLORA\u00c7\u00c3O DO CEN\u00c1RIO DA TV 3.0<\/strong><\/span><\/p>\n<p><span style=\"font-weight: 400;\">Miguel Bruno Alves Chaves (UFMA), Li-Chang Shuen (UFMA)<\/span><\/p>\n<p>\u00a0<\/p>\n<h2><strong>Uma an\u00e1lise de plataformas de streaming e as possibilidades de interface para conte\u00fados sob demanda na TV 3.0 <\/strong><\/h2>\n<p><span style=\"font-size: 0.75em; padding: 2px 10px 2px 10px; border-radius: 3px; color: #fff; background-color: #00ccff;\"><strong>SESS\u00c3O T\u00c9CNICA: AMBIENTE DE TV BASEADO EM APLICATIVOS<\/strong><\/span><\/p>\n<p><span style=\"font-weight: 400;\">Cristiane Turnes Montezano (UFJF), Carlos Pernisa J\u00fanior (UFJF), Marcelo F. Moreno (UFJF)<\/span><\/p>\n<p>\u00a0<\/p>\n<h2><strong>Uma an\u00e1lise de plataformas de streaming e as possibilidades para um guia de programa\u00e7\u00e3o na TV 3.0<\/strong><\/h2>\n<p><span style=\"font-size: 0.75em; padding: 2px 10px 2px 10px; border-radius: 3px; color: #fff; background-color: #00ccff;\"><strong>SESS\u00c3O T\u00c9CNICA: AMBIENTE DE TV BASEADO EM APLICATIVOS<\/strong><\/span><\/p>\n<p><span style=\"font-weight: 400;\">Cristiane Turnes Montezano (UFJF), Carlos Pernisa J\u00fanior (UFJF), Marcelo F. Moreno (UFJF)<\/span><\/p>\n<p>\u00a0<\/p>\n<h2><strong>Controle remoto e segunda tela para uma TV 3.0 orientada a aplicativos <\/strong><\/h2>\n<p><span style=\"font-size: 0.75em; padding: 2px 10px 2px 10px; border-radius: 3px; color: #fff; background-color: #00ccff;\"><strong>SESS\u00c3O T\u00c9CNICA: AMBIENTE DE TV BASEADO EM APLICATIVOS<\/strong><\/span><\/p>\n<p><span style=\"font-weight: 400;\">Carlos Pernisa J\u00fanior (UFJF), Marcelo F. Moreno (UFJF), Stanley Cunha Teixeira (UFJF), Cristiane Turnes Montezano (UFJF)<\/span><\/p>\n<p>\u00a0<\/p>\n<h2 style=\"font-size: 1.75em;\"><strong>TV 3.0: Integra\u00e7\u00e3o e Controle de Renderizadores de Efeitos Sensoriais <\/strong><\/h2>\n<p><span style=\"font-size: 0.75em; padding: 2px 10px 2px 10px; border-radius: 3px; color: #fff; background-color: #003eba;\"><strong>SESS\u00c3O T\u00c9CNICA: SERVI\u00c7OS DA TV 3.0<\/strong><\/span><\/p>\n<p><span style=\"font-weight: 400;\">Marina Ivanov (UFF), R\u00f4mulo Vieira (UFF), Joel. dos Santos (CEFET\/RJ),\u00a0 D\u00e9bora C. Muchaluat-Saade (UFF)<\/span><\/p>\n<p>\u00a0<\/p>\n<h2 style=\"font-size: 1.75em;\"><strong>Suporte a Alertas de Emerg\u00eancia na TV 3.0 Brasileira<\/strong><\/h2>\n<p><span style=\"font-size: 0.75em; padding: 2px 10px 2px 10px; border-radius: 3px; color: #fff; background-color: #003eba;\"><strong>SESS\u00c3O T\u00c9CNICA: SERVI\u00c7OS DA TV 3.0<\/strong><\/span><\/p>\n<p><span style=\"font-weight: 400;\">Richelieu R.A. Costa (UFPB), Derzu Omaia (UFPB), Tiago M.U. Ara\u00fajo (UFPB), J\u00f3ison O. Pereira (UFPB), Miguel P.S. Cruz (UFPB), Matheus M. Barbosa (UFPB), Rafael Toscano (UFPB), Guido L.S. Filho (UFPB)<\/span><\/p>\n<p>\u00a0<\/p>\n<h2 style=\"font-size: 1.75em;\"><strong>Sincronismo e Interatividade com a Segunda Tela frente \u00e0 Implementa\u00e7\u00e3o da TV 3.0 no Brasil<\/strong><\/h2>\n<p><span style=\"font-size: 0.75em; padding: 2px 10px 2px 10px; border-radius: 3px; color: #fff; background-color: #003eba;\"><strong>SESS\u00c3O T\u00c9CNICA: SERVI\u00c7OS DA TV 3.0<\/strong><\/span><\/p>\n<p><span style=\"font-weight: 400;\">Antonio Celestino (UFJF), Carlos Pernisa J\u00fanior (UFJF)<\/span><\/p>\n<p>\u00a0<\/p>\n<h2><strong>Ferramenta de Valida\u00e7\u00e3o NCL: Aprimorando o processo de desenvolvimento de aplica\u00e7\u00f5es de TV Digital<\/strong><\/h2>\n<p><span style=\"font-size: 0.75em; padding: 2px 10px 2px 10px; border-radius: 3px; color: #fff; background-color: #00ccff;\"><strong>SESS\u00c3O T\u00c9CNICA: AUTORIA DE APLICA\u00c7\u00d5ES PARA TV 3.0<\/strong><\/span><\/p>\n<p><span style=\"font-weight: 400;\">Iago Victor Silva Costa (UFMA), Li-Chang Shuen (UFMA), Daniel de Sousa Moraes (PUC-Rio), Joel dos Santos (CEFET\/RJ), D\u00e9bora C. Muchaluat-Saade (UFF), Carlos de Salles Soares Neto (UFMA)<\/span><\/p>\n<p>\u00a0<\/p>\n<h2><strong>Gera\u00e7\u00e3o autom\u00e1tica de SDK em ES6 para APIs do Ginga CCWS <\/strong><\/h2>\n<p><span style=\"font-size: 0.75em; padding: 2px 10px 2px 10px; border-radius: 3px; color: #fff; background-color: #00ccff;\"><strong>SESS\u00c3O T\u00c9CNICA: AUTORIA DE APLICA\u00c7\u00d5ES PARA TV 3.0<\/strong><\/span><\/p>\n<p><span style=\"font-weight: 400;\">Raphael Abreu (UFF), Joel dos Santos (CEFET\/RJ), D\u00e9bora C. Muchaluat-Saade (UFF)<\/span><\/p>\n<p>\u00a0<\/p>\n<h2><strong>Uma Ferramenta de Autoria para Intera\u00e7\u00e3o Multimodal em Aplica\u00e7\u00f5es NCL 4.0 <\/strong><\/h2>\n<p><span style=\"font-size: 0.75em; padding: 2px 10px 2px 10px; border-radius: 3px; color: #fff; background-color: #00ccff;\"><strong>SESS\u00c3O T\u00c9CNICA: AUTORIA DE APLICA\u00c7\u00d5ES PARA TV 3.0<\/strong><\/span><\/p>\n<p><span style=\"font-weight: 400;\">Pedro Alves Valentim (UFF), D\u00e9bora C. Muchaluat-Saade (UFF)<\/span><\/p>\n<p>\u00a0<\/p>\n<p><!-- \/wp:table --><\/p>\t\t\t\t\t\t<\/div>\n\t\t\t\t<\/div>\n\t\t\t\t\t<\/div>\n\t\t<\/div>\n\t\t\t\t\t\t\t<\/div>\n\t\t<\/section>\n\t\t\t\t\t\t\t<\/div>\n\t\t","protected":false},"excerpt":{"rendered":"<p>Workshop Futuro da TV Digital Interativa &#8211; Artigos Aceitos Avalia\u00e7\u00e3o da Experi\u00eancia do Telespectador na Transi\u00e7\u00e3o para a TV Orientada a Aplicativos SESS\u00c3O T\u00c9CNICA: AN\u00c1LISE E EXPLORA\u00c7\u00c3O DO CEN\u00c1RIO DA TV 3.0 Li-Chang Shuen (UFMA), Carlos de Salles Soares Neto (UFMA), Marcelo F. Moreno (UFJF), Zefinha Bentivi (UFMA), Jo\u00e3o Victor Cruz Gon\u00e7alves (UFMA), Iago Victor [&hellip;]<\/p>\n","protected":false},"author":1,"featured_media":0,"parent":0,"menu_order":0,"comment_status":"closed","ping_status":"closed","template":"elementor_header_footer","meta":{"footnotes":""},"class_list":["post-1904","page","type-page","status-publish","hentry"],"_links":{"self":[{"href":"https:\/\/webmedia.org.br\/2024\/wp-json\/wp\/v2\/pages\/1904","targetHints":{"allow":["GET"]}}],"collection":[{"href":"https:\/\/webmedia.org.br\/2024\/wp-json\/wp\/v2\/pages"}],"about":[{"href":"https:\/\/webmedia.org.br\/2024\/wp-json\/wp\/v2\/types\/page"}],"author":[{"embeddable":true,"href":"https:\/\/webmedia.org.br\/2024\/wp-json\/wp\/v2\/users\/1"}],"replies":[{"embeddable":true,"href":"https:\/\/webmedia.org.br\/2024\/wp-json\/wp\/v2\/comments?post=1904"}],"version-history":[{"count":7,"href":"https:\/\/webmedia.org.br\/2024\/wp-json\/wp\/v2\/pages\/1904\/revisions"}],"predecessor-version":[{"id":1951,"href":"https:\/\/webmedia.org.br\/2024\/wp-json\/wp\/v2\/pages\/1904\/revisions\/1951"}],"wp:attachment":[{"href":"https:\/\/webmedia.org.br\/2024\/wp-json\/wp\/v2\/media?parent=1904"}],"curies":[{"name":"wp","href":"https:\/\/api.w.org\/{rel}","templated":true}]}}