{"id":1297,"date":"2024-08-15T18:46:45","date_gmt":"2024-08-15T21:46:45","guid":{"rendered":"https:\/\/webmedia.org.br\/2024\/?page_id=1297"},"modified":"2024-08-22T14:54:21","modified_gmt":"2024-08-22T17:54:21","slug":"instrucoes-aos-autores","status":"publish","type":"page","link":"https:\/\/webmedia.org.br\/2024\/instrucoes-aos-autores\/","title":{"rendered":"Instru\u00e7\u00f5es aos Autores"},"content":{"rendered":"\t\t<div data-elementor-type=\"wp-page\" data-elementor-id=\"1297\" class=\"elementor elementor-1297\" data-elementor-post-type=\"page\">\n\t\t\t\t\t\t\t\t\t<section class=\"elementor-section elementor-top-section elementor-element elementor-element-995d100 elementor-section-height-min-height elementor-section-boxed elementor-section-height-default elementor-section-items-middle\" data-id=\"995d100\" data-element_type=\"section\" data-settings=\"{&quot;background_background&quot;:&quot;classic&quot;}\" data-e-bg-lazyload=\".elementor-background-overlay\">\n\t\t\t\t\t\t\t<div class=\"elementor-background-overlay\"><\/div>\n\t\t\t\t\t\t\t<div class=\"elementor-container elementor-column-gap-default\">\n\t\t\t\t\t<div class=\"elementor-column elementor-col-100 elementor-top-column elementor-element elementor-element-1a8bacab\" data-id=\"1a8bacab\" data-element_type=\"column\">\n\t\t\t<div class=\"elementor-widget-wrap elementor-element-populated\">\n\t\t\t\t\t\t\t\t<div class=\"elementor-element elementor-element-9d8a180 elementor-widget elementor-widget-heading\" data-id=\"9d8a180\" data-element_type=\"widget\" data-widget_type=\"heading.default\">\n\t\t\t\t<div class=\"elementor-widget-container\">\n\t\t\t<style>\/*! elementor - v3.15.0 - 31-07-2023 *\/\n.elementor-heading-title{padding:0;margin:0;line-height:1}.elementor-widget-heading .elementor-heading-title[class*=elementor-size-]>a{color:inherit;font-size:inherit;line-height:inherit}.elementor-widget-heading .elementor-heading-title.elementor-size-small{font-size:15px}.elementor-widget-heading .elementor-heading-title.elementor-size-medium{font-size:19px}.elementor-widget-heading .elementor-heading-title.elementor-size-large{font-size:29px}.elementor-widget-heading .elementor-heading-title.elementor-size-xl{font-size:39px}.elementor-widget-heading .elementor-heading-title.elementor-size-xxl{font-size:59px}<\/style><h1 class=\"elementor-heading-title elementor-size-default\">Instru\u00e7\u00f5es para Autores<\/h1>\t\t<\/div>\n\t\t\t\t<\/div>\n\t\t\t\t\t<\/div>\n\t\t<\/div>\n\t\t\t\t\t\t\t<\/div>\n\t\t<\/section>\n\t\t\t\t<section class=\"elementor-section elementor-top-section elementor-element elementor-element-bf94b7a elementor-section-height-min-height elementor-section-boxed elementor-section-height-default elementor-section-items-middle\" data-id=\"bf94b7a\" data-element_type=\"section\">\n\t\t\t\t\t\t<div class=\"elementor-container elementor-column-gap-default\">\n\t\t\t\t\t<div class=\"elementor-column elementor-col-100 elementor-top-column elementor-element elementor-element-91a9634\" data-id=\"91a9634\" data-element_type=\"column\">\n\t\t\t<div class=\"elementor-widget-wrap elementor-element-populated\">\n\t\t\t\t\t\t\t\t<div class=\"elementor-element elementor-element-df941be elementor-widget elementor-widget-text-editor\" data-id=\"df941be\" data-element_type=\"widget\" data-widget_type=\"text-editor.default\">\n\t\t\t\t<div class=\"elementor-widget-container\">\n\t\t\t<style>\/*! elementor - v3.15.0 - 31-07-2023 *\/\n.elementor-widget-text-editor.elementor-drop-cap-view-stacked .elementor-drop-cap{background-color:#69727d;color:#fff}.elementor-widget-text-editor.elementor-drop-cap-view-framed .elementor-drop-cap{color:#69727d;border:3px solid;background-color:transparent}.elementor-widget-text-editor:not(.elementor-drop-cap-view-default) .elementor-drop-cap{margin-top:8px}.elementor-widget-text-editor:not(.elementor-drop-cap-view-default) .elementor-drop-cap-letter{width:1em;height:1em}.elementor-widget-text-editor .elementor-drop-cap{float:left;text-align:center;line-height:1;font-size:50px}.elementor-widget-text-editor .elementor-drop-cap-letter{display:inline-block}<\/style>\t\t\t\t<p><!-- wp:heading --><\/p>\n<h2 style=\"font-size: 1.75em;\"><strong>Instru\u00e7\u00f5es aos autores de artigos aceitos<\/strong><\/h2>\n<p><span style=\"font-weight: 400;\">\u00c9 necess\u00e1rio preparar a vers\u00e3o final usando o template <\/span><span style=\"font-weight: 400;\">dispon\u00edvel<\/span><span style=\"color: #0000ff;\"><a style=\"color: #0000ff;\" href=\"https:\/\/drive.google.com\/file\/d\/1T9fD8APdsWfHZdORraCwUGn9MVcY_vIU\/view?usp=drive_link\" target=\"_blank\" rel=\"noopener\"><span style=\"font-weight: 400;\"> neste link<\/span><\/a><\/span><span style=\"font-weight: 400;\"> e tamb\u00e9m dispon\u00edvel para uso no <\/span><span style=\"color: #0000ff;\"><a style=\"color: #0000ff;\" href=\"https:\/\/www.overleaf.com\/latex\/templates\/webmedia-template\/ckjcbscxjjjh\" target=\"_blank\" rel=\"noopener\"><span style=\"font-weight: 400;\">Overleaf<\/span><\/a><\/span><span style=\"font-weight: 400;\">.\u00a0<\/span><\/p>\n<p><span style=\"font-weight: 400;\">Tamb\u00e9m \u00e9 necess\u00e1rio preencher e enviar em conjunto os seguintes documentos (em pdf):<\/span><\/p>\n<ul>\n<li style=\"font-weight: 400;\" aria-level=\"1\"><a href=\"https:\/\/docs.google.com\/document\/d\/1_TB8cZYC9U1_HO__sFlS6OXrDXsx3bF0\/edit?usp=sharing&amp;ouid=113836622185121651494&amp;rtpof=true&amp;sd=true\" target=\"_blank\" rel=\"noopener\"><span style=\"font-weight: 400;\"><span style=\"color: #0000ff;\">Contrato de Cess\u00e3o de Direitos Autorais SBC (WebMedia 2024)<\/span><\/span><\/a><\/li>\n<li style=\"font-weight: 400;\" aria-level=\"1\"><a href=\"https:\/\/docs.google.com\/document\/d\/1DAOH36BU7yeQcqeuQwszk6nXc2Wstyov\/edit?usp=sharing&amp;ouid=113836622185121651494&amp;rtpof=true&amp;sd=true\" target=\"_blank\" rel=\"noopener\"><span style=\"font-weight: 400;\"><span style=\"color: #0000ff;\">Termo de Autoriza\u00e7\u00e3o de Uso de Imagem, Voz e respectiva Cess\u00e3o de Direitos SBC (WebMedia 2024)<\/span><\/span><\/a><\/li>\n<\/ul>\n<p>\u00a0<\/p>\n<p><span style=\"font-weight: 400;\">Obs.: os links d\u00e3o acesso a um documento compartilhado apenas para leitura. Para edi\u00e7\u00e3o, crie uma c\u00f3pia local ou ent\u00e3o fa\u00e7a o download do arquivo .doc.\u00a0<\/span><\/p>\n<p><span style=\"font-weight: 400;\">Para entrega da vers\u00e3o final e dos termos \u00e9 necess\u00e1rio acessar o sistema de submiss\u00e3o JEMS de seu concurso\/workshop e realizar o upload dos arquivos.<\/span><\/p>\n<p>\u00a0<\/p>\n<h4><span style=\"font-weight: 400;\">Outras informa\u00e7\u00f5es importantes<\/span><\/h4>\n<ul>\n<li style=\"font-weight: 400;\" aria-level=\"1\"><span style=\"font-weight: 400;\">Ao menos um autor deve estar inscrito no evento at\u00e9 <\/span><b>13 de Setembro <\/b><span style=\"font-weight: 400;\">(e apresentar presencialmente o trabalho no evento)<\/span><\/li>\n<li style=\"font-weight: 400;\" aria-level=\"1\"><span style=\"font-weight: 400;\">Fique atento \u00e0s datas limite para envio da vers\u00e3o final (consulte a p\u00e1gina de <\/span><span style=\"color: #0000ff;\"><a style=\"color: #0000ff;\" href=\"https:\/\/webmedia.org.br\/2024\/datas-importantes\/\"><span style=\"font-weight: 400;\">Datas Importantes<\/span><\/a><span style=\"font-weight: 400; color: #000000;\">).<\/span><\/span><\/li>\n<\/ul>\n<p>\u00a0<\/p>\n<p><span style=\"font-weight: 400;\">Sobre a formata\u00e7\u00e3o dos trabalhos, observar:<\/span><\/p>\n<ul>\n<li style=\"font-weight: 400;\" aria-level=\"1\">O artigo pode ser escrito em ingl\u00eas ou portugu\u00eas. No caso de artigos escritos em portugu\u00eas, \u00e9 necess\u00e1rio ter o t\u00edtulo e keywords em portugu\u00eas, e um \u201cabstract\u201d em ingl\u00eas;<\/li>\n<li style=\"font-weight: 400;\" aria-level=\"1\"><span style=\"font-weight: 400;\">O artigo n\u00e3o precisa conter \u201cresumo\u201d em portugu\u00eas;<\/span><\/li>\n<li style=\"font-weight: 400;\" aria-level=\"1\"><span style=\"font-weight: 400;\">As p\u00e1ginas do artigo n\u00e3o podem ser numeradas;<\/span><\/li>\n<li style=\"font-weight: 400;\" aria-level=\"1\"><span style=\"font-weight: 400;\">O tamanho das p\u00e1ginas do artigo \u00e9 Carta (21,59 cm x 27,94 cm);<\/span><\/li>\n<li style=\"font-weight: 400;\" aria-level=\"1\"><span style=\"font-weight: 400;\">Para usu\u00e1rios do Word, \u00e9 necess\u00e1rio instalar as Fontes ACM (em C:\\Windows\\Fonts) para que sejam utilizadas as fontes adotadas nos anais (e disponibilizadas junto com o template WebMedia);<\/span><\/li>\n<li aria-level=\"1\">O ISSN a ser inclu\u00eddo no artigo \u00e9 o 2966-2753.<\/li>\n<\/ul>\n<p>\u00a0<\/p>\n<p>\u00a0<\/p>\n<p>\u00a0<\/p>\n<p><!-- \/wp:table --><\/p>\t\t\t\t\t\t<\/div>\n\t\t\t\t<\/div>\n\t\t\t\t\t<\/div>\n\t\t<\/div>\n\t\t\t\t\t\t\t<\/div>\n\t\t<\/section>\n\t\t\t\t\t\t\t<\/div>\n\t\t","protected":false},"excerpt":{"rendered":"<p>Instru\u00e7\u00f5es para Autores Instru\u00e7\u00f5es aos autores de artigos aceitos \u00c9 necess\u00e1rio preparar a vers\u00e3o final usando o template dispon\u00edvel neste link e tamb\u00e9m dispon\u00edvel para uso no Overleaf.\u00a0 Tamb\u00e9m \u00e9 necess\u00e1rio preencher e enviar em conjunto os seguintes documentos (em pdf): Contrato de Cess\u00e3o de Direitos Autorais SBC (WebMedia 2024) Termo de Autoriza\u00e7\u00e3o de Uso [&hellip;]<\/p>\n","protected":false},"author":1,"featured_media":0,"parent":0,"menu_order":0,"comment_status":"closed","ping_status":"closed","template":"elementor_header_footer","meta":{"footnotes":""},"class_list":["post-1297","page","type-page","status-publish","hentry"],"_links":{"self":[{"href":"https:\/\/webmedia.org.br\/2024\/wp-json\/wp\/v2\/pages\/1297","targetHints":{"allow":["GET"]}}],"collection":[{"href":"https:\/\/webmedia.org.br\/2024\/wp-json\/wp\/v2\/pages"}],"about":[{"href":"https:\/\/webmedia.org.br\/2024\/wp-json\/wp\/v2\/types\/page"}],"author":[{"embeddable":true,"href":"https:\/\/webmedia.org.br\/2024\/wp-json\/wp\/v2\/users\/1"}],"replies":[{"embeddable":true,"href":"https:\/\/webmedia.org.br\/2024\/wp-json\/wp\/v2\/comments?post=1297"}],"version-history":[{"count":19,"href":"https:\/\/webmedia.org.br\/2024\/wp-json\/wp\/v2\/pages\/1297\/revisions"}],"predecessor-version":[{"id":1337,"href":"https:\/\/webmedia.org.br\/2024\/wp-json\/wp\/v2\/pages\/1297\/revisions\/1337"}],"wp:attachment":[{"href":"https:\/\/webmedia.org.br\/2024\/wp-json\/wp\/v2\/media?parent=1297"}],"curies":[{"name":"wp","href":"https:\/\/api.w.org\/{rel}","templated":true}]}}