{"id":1265,"date":"2024-07-25T15:19:19","date_gmt":"2024-07-25T18:19:19","guid":{"rendered":"https:\/\/webmedia.org.br\/2024\/?page_id=1265"},"modified":"2024-09-24T17:02:06","modified_gmt":"2024-09-24T20:02:06","slug":"minicursos-e-tutoriais-aceitos","status":"publish","type":"page","link":"https:\/\/webmedia.org.br\/2024\/minicursos-e-tutoriais-aceitos\/","title":{"rendered":"Minicursos e Tutoriais Aceitos"},"content":{"rendered":"\t\t<div data-elementor-type=\"wp-page\" data-elementor-id=\"1265\" class=\"elementor elementor-1265\" data-elementor-post-type=\"page\">\n\t\t\t\t\t\t\t\t\t<section class=\"elementor-section elementor-top-section elementor-element elementor-element-995d100 elementor-section-height-min-height elementor-section-boxed elementor-section-height-default elementor-section-items-middle\" data-id=\"995d100\" data-element_type=\"section\" data-settings=\"{&quot;background_background&quot;:&quot;classic&quot;}\" data-e-bg-lazyload=\".elementor-background-overlay\">\n\t\t\t\t\t\t\t<div class=\"elementor-background-overlay\"><\/div>\n\t\t\t\t\t\t\t<div class=\"elementor-container elementor-column-gap-default\">\n\t\t\t\t\t<div class=\"elementor-column elementor-col-100 elementor-top-column elementor-element elementor-element-1a8bacab\" data-id=\"1a8bacab\" data-element_type=\"column\">\n\t\t\t<div class=\"elementor-widget-wrap elementor-element-populated\">\n\t\t\t\t\t\t\t\t<div class=\"elementor-element elementor-element-9d8a180 elementor-widget elementor-widget-heading\" data-id=\"9d8a180\" data-element_type=\"widget\" data-widget_type=\"heading.default\">\n\t\t\t\t<div class=\"elementor-widget-container\">\n\t\t\t<style>\/*! elementor - v3.15.0 - 31-07-2023 *\/\n.elementor-heading-title{padding:0;margin:0;line-height:1}.elementor-widget-heading .elementor-heading-title[class*=elementor-size-]>a{color:inherit;font-size:inherit;line-height:inherit}.elementor-widget-heading .elementor-heading-title.elementor-size-small{font-size:15px}.elementor-widget-heading .elementor-heading-title.elementor-size-medium{font-size:19px}.elementor-widget-heading .elementor-heading-title.elementor-size-large{font-size:29px}.elementor-widget-heading .elementor-heading-title.elementor-size-xl{font-size:39px}.elementor-widget-heading .elementor-heading-title.elementor-size-xxl{font-size:59px}<\/style><h1 class=\"elementor-heading-title elementor-size-default\">Minicursos e Tutoriais Aceitos<\/h1>\t\t<\/div>\n\t\t\t\t<\/div>\n\t\t\t\t\t<\/div>\n\t\t<\/div>\n\t\t\t\t\t\t\t<\/div>\n\t\t<\/section>\n\t\t\t\t<section class=\"elementor-section elementor-top-section elementor-element elementor-element-bf94b7a elementor-section-height-min-height elementor-section-boxed elementor-section-height-default elementor-section-items-middle\" data-id=\"bf94b7a\" data-element_type=\"section\">\n\t\t\t\t\t\t<div class=\"elementor-container elementor-column-gap-default\">\n\t\t\t\t\t<div class=\"elementor-column elementor-col-100 elementor-top-column elementor-element elementor-element-91a9634\" data-id=\"91a9634\" data-element_type=\"column\">\n\t\t\t<div class=\"elementor-widget-wrap elementor-element-populated\">\n\t\t\t\t\t\t\t\t<div class=\"elementor-element elementor-element-df941be elementor-widget elementor-widget-text-editor\" data-id=\"df941be\" data-element_type=\"widget\" data-widget_type=\"text-editor.default\">\n\t\t\t\t<div class=\"elementor-widget-container\">\n\t\t\t<style>\/*! elementor - v3.15.0 - 31-07-2023 *\/\n.elementor-widget-text-editor.elementor-drop-cap-view-stacked .elementor-drop-cap{background-color:#69727d;color:#fff}.elementor-widget-text-editor.elementor-drop-cap-view-framed .elementor-drop-cap{color:#69727d;border:3px solid;background-color:transparent}.elementor-widget-text-editor:not(.elementor-drop-cap-view-default) .elementor-drop-cap{margin-top:8px}.elementor-widget-text-editor:not(.elementor-drop-cap-view-default) .elementor-drop-cap-letter{width:1em;height:1em}.elementor-widget-text-editor .elementor-drop-cap{float:left;text-align:center;line-height:1;font-size:50px}.elementor-widget-text-editor .elementor-drop-cap-letter{display:inline-block}<\/style>\t\t\t\t<p><!-- wp:heading --><\/p>\n<h2 style=\"font-size: 1.75em;\"><strong>Computadores fazem arte: Blockchain e NFTs<\/strong><\/h2>\n<p><span style=\"font-size: 0.75em; padding: 2px 10px 2px 10px; border-radius: 3px; color: #fff; background-color: #003eba;\"><strong>MINICURSO<\/strong><\/span><\/p>\n<p>Manuella Silva (UFPE), Joao Marcelo Teixeira (UFPE)<\/p>\n<p>\u00a0<\/p>\n<h2 style=\"font-size: 1.75em;\"><strong>Multimodal Prompt Engineering for Mutimedia Applications using the GPT Model<\/strong><\/h2>\n<p><span style=\"font-size: 0.75em; padding: 2px 10px 2px 10px; border-radius: 3px; color: #fff; background-color: #003eba;\"><strong>MINICURSO<\/strong><\/span><\/p>\n<p>Paulo Borges (PUC-Rio), Yan Cunha (PUC-Rio), Pedro Cutrim dos Santos (PUC-Rio), Daniel de Sousa Moraes (PUC-Rio), Polyana Costa (PUC-Rio), Antonio Busson (BTG Pactual), Julio Duarte (IME), S\u00e9rgio Colcher (PUC-Rio)<\/p>\n<p>\u00a0<\/p>\n<h2 style=\"font-size: 1.75em;\"><strong>TV 3.0: Especifica\u00e7\u00f5es da camada de codifica\u00e7\u00e3o de aplica\u00e7\u00f5es<\/strong><\/h2>\n<p><span style=\"font-size: 0.75em; padding: 2px 10px 2px 10px; border-radius: 3px; color: #fff; background-color: #003eba;\"><strong>MINICURSO<\/strong><\/span><\/p>\n<p>Marcelo Moreno (UFJF), Debora Muchaluat-Saade (UFF), Guido Souza Filho (UFPB), S\u00e9rgio Colcher (PUC-Rio), Carlos Soares Neto (UFMA), Joel dos Santos (CEFET\/RJ)<\/p>\n<p>\u00a0<\/p>\n<h2 style=\"font-size: 1.75em;\"><strong>TV 3.0: Especifica\u00e7\u00f5es da camada de transporte e f\u00edsica<\/strong><\/h2>\n<p><span style=\"font-size: 0.75em; padding: 2px 10px 2px 10px; border-radius: 3px; color: #fff; background-color: #003eba;\"><strong>MINICURSO<\/strong><\/span><\/p>\n<p>Gustavo Valeira (UPM &#8211; Mackenzie), George Maranh\u00e3o (UPM), Ricardo Raba\u00e7a (UPM), Boris Kauffmann (UPM), Cristiano Akamine (UPM)<\/p>\n<p>\u00a0<\/p>\n<h2 style=\"font-size: 1.75em;\"><strong>IA Respons\u00e1vel: Princ\u00edpios e boas pr\u00e1ticas para implementa\u00e7\u00e3o de Sistemas Baseados na Intelig\u00eancia Artificial<\/strong><\/h2>\n<p><strong><span style=\"font-size: 0.75em; padding: 2px 10px 2px 10px; border-radius: 3px; color: #fff; background-color: #003eba;\">MINICURSO<\/span><\/strong><\/p>\n<p>Julio C. S. Reis (UFV), Marisa Vasconcelos (UFMG), Jussara Almeida (UFMG), Wagner Meira Jr. (UFMG), Virgilio A. F. de Almeida (UFMG)<\/p>\n<p>\u00a0<\/p>\n<h2 style=\"font-size: 1.75em;\"><strong>Federated Learning, IA Generativa e LLMs: Conceitos e aplica\u00e7\u00f5es pr\u00e1ticas em multim\u00eddia e web<\/strong><\/h2>\n<p><span style=\"font-size: 0.75em; padding: 2px 10px 2px 10px; border-radius: 3px; color: #fff; background-color: #003eba;\"><strong>MINICURSO<\/strong><\/span><\/p>\n<p>Helio Cunha Neto (UERJ), Rafaela Brum (UERJ), Paulo Mann (UERJ), Raissa Barcellos (UERJ)<\/p>\n<p>\u00a0<\/p>\n<h2 style=\"font-size: 1.75em;\"><strong>Desenvolvimento de aplica\u00e7\u00f5es com colabora\u00e7\u00e3o s\u00edncrona utilizando o padr\u00e3o arquitetural REST<\/strong><\/h2>\n<p><span style=\"font-size: 0.75em; padding: 2px 10px 2px 10px; border-radius: 3px; color: #fff; background-color: #00ccff;\"><strong>TUTORIAL<\/strong><\/span><\/p>\n<p>Laurentino Dantas (USP e IFMS), Maria da Gra\u00e7a Campos Pimentel (USP)<\/p>\n<p>\u00a0<\/p>\n<p>\u00a0<\/p>\n<p>\u00a0<\/p>\n<p><!-- \/wp:table --><\/p>\t\t\t\t\t\t<\/div>\n\t\t\t\t<\/div>\n\t\t\t\t\t<\/div>\n\t\t<\/div>\n\t\t\t\t\t\t\t<\/div>\n\t\t<\/section>\n\t\t\t\t\t\t\t<\/div>\n\t\t","protected":false},"excerpt":{"rendered":"<p>Minicursos e Tutoriais Aceitos Computadores fazem arte: Blockchain e NFTs MINICURSO Manuella Silva (UFPE), Joao Marcelo Teixeira (UFPE) \u00a0 Multimodal Prompt Engineering for Mutimedia Applications using the GPT Model MINICURSO Paulo Borges (PUC-Rio), Yan Cunha (PUC-Rio), Pedro Cutrim dos Santos (PUC-Rio), Daniel de Sousa Moraes (PUC-Rio), Polyana Costa (PUC-Rio), Antonio Busson (BTG Pactual), Julio Duarte [&hellip;]<\/p>\n","protected":false},"author":1,"featured_media":0,"parent":0,"menu_order":0,"comment_status":"closed","ping_status":"closed","template":"elementor_header_footer","meta":{"footnotes":""},"class_list":["post-1265","page","type-page","status-publish","hentry"],"_links":{"self":[{"href":"https:\/\/webmedia.org.br\/2024\/wp-json\/wp\/v2\/pages\/1265","targetHints":{"allow":["GET"]}}],"collection":[{"href":"https:\/\/webmedia.org.br\/2024\/wp-json\/wp\/v2\/pages"}],"about":[{"href":"https:\/\/webmedia.org.br\/2024\/wp-json\/wp\/v2\/types\/page"}],"author":[{"embeddable":true,"href":"https:\/\/webmedia.org.br\/2024\/wp-json\/wp\/v2\/users\/1"}],"replies":[{"embeddable":true,"href":"https:\/\/webmedia.org.br\/2024\/wp-json\/wp\/v2\/comments?post=1265"}],"version-history":[{"count":22,"href":"https:\/\/webmedia.org.br\/2024\/wp-json\/wp\/v2\/pages\/1265\/revisions"}],"predecessor-version":[{"id":2019,"href":"https:\/\/webmedia.org.br\/2024\/wp-json\/wp\/v2\/pages\/1265\/revisions\/2019"}],"wp:attachment":[{"href":"https:\/\/webmedia.org.br\/2024\/wp-json\/wp\/v2\/media?parent=1265"}],"curies":[{"name":"wp","href":"https:\/\/api.w.org\/{rel}","templated":true}]}}