{"id":1136,"date":"2024-06-18T18:33:16","date_gmt":"2024-06-18T21:33:16","guid":{"rendered":"https:\/\/webmedia.org.br\/2024\/?page_id=1136"},"modified":"2024-07-16T16:21:21","modified_gmt":"2024-07-16T19:21:21","slug":"wrsl-workshop-de-revisoes-sistematicas-de-literatura-em-sistemas-multimidia-e-web","status":"publish","type":"page","link":"https:\/\/webmedia.org.br\/2024\/chamada-de-trabalhos\/wrsl-workshop-de-revisoes-sistematicas-de-literatura-em-sistemas-multimidia-e-web\/","title":{"rendered":"WRSL+ | Workshop de Revis\u00f5es Sistem\u00e1ticas de Literatura em Sistemas Multim\u00eddia e Web"},"content":{"rendered":"\t\t<div data-elementor-type=\"wp-page\" data-elementor-id=\"1136\" class=\"elementor elementor-1136\" data-elementor-post-type=\"page\">\n\t\t\t\t\t\t\t\t\t<section class=\"elementor-section elementor-top-section elementor-element elementor-element-995d100 elementor-section-height-min-height elementor-section-boxed elementor-section-height-default elementor-section-items-middle\" data-id=\"995d100\" data-element_type=\"section\" data-settings=\"{&quot;background_background&quot;:&quot;classic&quot;}\" data-e-bg-lazyload=\".elementor-background-overlay\">\n\t\t\t\t\t\t\t<div class=\"elementor-background-overlay\"><\/div>\n\t\t\t\t\t\t\t<div class=\"elementor-container elementor-column-gap-default\">\n\t\t\t\t\t<div class=\"elementor-column elementor-col-100 elementor-top-column elementor-element elementor-element-1a8bacab\" data-id=\"1a8bacab\" data-element_type=\"column\">\n\t\t\t<div class=\"elementor-widget-wrap elementor-element-populated\">\n\t\t\t\t\t\t\t\t<div class=\"elementor-element elementor-element-9d8a180 elementor-widget elementor-widget-heading\" data-id=\"9d8a180\" data-element_type=\"widget\" data-widget_type=\"heading.default\">\n\t\t\t\t<div class=\"elementor-widget-container\">\n\t\t\t<style>\/*! elementor - v3.15.0 - 31-07-2023 *\/\n.elementor-heading-title{padding:0;margin:0;line-height:1}.elementor-widget-heading .elementor-heading-title[class*=elementor-size-]>a{color:inherit;font-size:inherit;line-height:inherit}.elementor-widget-heading .elementor-heading-title.elementor-size-small{font-size:15px}.elementor-widget-heading .elementor-heading-title.elementor-size-medium{font-size:19px}.elementor-widget-heading .elementor-heading-title.elementor-size-large{font-size:29px}.elementor-widget-heading .elementor-heading-title.elementor-size-xl{font-size:39px}.elementor-widget-heading .elementor-heading-title.elementor-size-xxl{font-size:59px}<\/style><h1 class=\"elementor-heading-title elementor-size-default\">WRSL+ | Workshop de Revis\u00f5es Sistem\u00e1ticas de Literatura em Sistemas Multim\u00eddia e Web<\/h1>\t\t<\/div>\n\t\t\t\t<\/div>\n\t\t\t\t\t<\/div>\n\t\t<\/div>\n\t\t\t\t\t\t\t<\/div>\n\t\t<\/section>\n\t\t\t\t<section class=\"elementor-section elementor-top-section elementor-element elementor-element-bf94b7a elementor-section-height-min-height elementor-section-boxed elementor-section-height-default elementor-section-items-middle\" data-id=\"bf94b7a\" data-element_type=\"section\">\n\t\t\t\t\t\t<div class=\"elementor-container elementor-column-gap-default\">\n\t\t\t\t\t<div class=\"elementor-column elementor-col-100 elementor-top-column elementor-element elementor-element-91a9634\" data-id=\"91a9634\" data-element_type=\"column\">\n\t\t\t<div class=\"elementor-widget-wrap elementor-element-populated\">\n\t\t\t\t\t\t\t\t<div class=\"elementor-element elementor-element-df941be elementor-widget elementor-widget-text-editor\" data-id=\"df941be\" data-element_type=\"widget\" data-widget_type=\"text-editor.default\">\n\t\t\t\t<div class=\"elementor-widget-container\">\n\t\t\t<style>\/*! elementor - v3.15.0 - 31-07-2023 *\/\n.elementor-widget-text-editor.elementor-drop-cap-view-stacked .elementor-drop-cap{background-color:#69727d;color:#fff}.elementor-widget-text-editor.elementor-drop-cap-view-framed .elementor-drop-cap{color:#69727d;border:3px solid;background-color:transparent}.elementor-widget-text-editor:not(.elementor-drop-cap-view-default) .elementor-drop-cap{margin-top:8px}.elementor-widget-text-editor:not(.elementor-drop-cap-view-default) .elementor-drop-cap-letter{width:1em;height:1em}.elementor-widget-text-editor .elementor-drop-cap{float:left;text-align:center;line-height:1;font-size:50px}.elementor-widget-text-editor .elementor-drop-cap-letter{display:inline-block}<\/style>\t\t\t\t<p><!-- wp:heading --><\/p>\n<p><span style=\"font-weight: 400;\">Convidamos pesquisadores e profissionais da \u00e1rea de Sistemas Multim\u00eddia e Web a submeterem artigos de revis\u00e3o de literatura que adotem estrat\u00e9gias de sistematiza\u00e7\u00e3o e reprodutibilidade. Exemplos de metodologias incluem: Revis\u00e3o Sistem\u00e1tica da Literatura (Systematic Literature Review), Mapeamento Sistem\u00e1tico (Systematic Mapping), Meta-an\u00e1lise (Meta-analysis), Revis\u00e3o Sistem\u00e1tica R\u00e1pida (Rapid Systematic Review) e Revis\u00f5es de Escopo (Scoping Reviews).<\/span><\/p>\n<p><span style=\"font-weight: 400;\">Os trabalhos devem oferecer a revis\u00e3o de maneira did\u00e1tica, apresentando o texto de forma acess\u00edvel para quem busca aprender os fundamentos fora de suas especialidades. O objetivo \u00e9 ajudar pesquisadores e profissionais a desenvolverem perspectivas e identificarem tend\u00eancias no tema abordado.<\/span><\/p>\n<p><span style=\"font-weight: 400;\">O texto deve incluir refer\u00eancia para o m\u00e9todo utilizado e para as ferramentas de apoio \u00e0 revis\u00e3o, quando utilizadas. \u00c9 importante detalhar, quando apropriado: crit\u00e9rios de elegibilidade, fontes de informa\u00e7\u00e3o, estrat\u00e9gia de busca, processo de sele\u00e7\u00e3o, processo de coleta de dados, itens de dados, avalia\u00e7\u00e3o do risco de vi\u00e9s dos estudos, medidas de efeito, m\u00e9todos de s\u00edntese, avalia\u00e7\u00e3o do vi\u00e9s de relato e avalia\u00e7\u00e3o de certeza.<\/span><\/p>\n<p><span style=\"font-weight: 400;\">Um diferencial importante para facilitar a avalia\u00e7\u00e3o e a replica\u00e7\u00e3o do estudo ser\u00e1 a inclus\u00e3o das URLs correspondentes \u00e0s consultas utilizadas para acesso \u00e0s bases digitais, bem como a disponibiliza\u00e7\u00e3o, como material complementar, da planilha de classifica\u00e7\u00e3o dos artigos com as anota\u00e7\u00f5es dos autores.<\/span><\/p>\n<p><span style=\"font-weight: 400;\">\u00a0<\/span><\/p>\n<h2><b>Submiss\u00e3o de Trabalhos<\/b><\/h2>\n<p><span style=\"font-weight: 400;\">&#8211; Estilo: Revis\u00f5es sistem\u00e1ticas did\u00e1ticas utilizando uma das metodologias listadas ou similares, indicando claramente a estrat\u00e9gia utilizada j\u00e1 no resumo do texto.<\/span><\/p>\n<p><span style=\"font-weight: 400;\">&#8211; T\u00f3picos de Interesse: Todos os temas de interesse do Webmedia 2024.<\/span><\/p>\n<p><span style=\"font-weight: 400;\">&#8211; P\u00fablico-alvo: Trabalhos compreens\u00edveis para acad\u00eamicos, estudantes e profissionais da ind\u00fastria.<\/span><\/p>\n<p><span style=\"font-weight: 400;\">&#8211; Formato: Artigos em portugu\u00eas ou ingl\u00eas, com limite de 16 p\u00e1ginas (excluindo refer\u00eancias), seguindo os templates disponibilizados:<\/span><\/p>\n<ul>\n<li style=\"font-weight: 400;\" aria-level=\"1\"><span style=\"font-weight: 400;\">LaTeX: Template WebMedia <\/span><a href=\"https:\/\/www.overleaf.com\/latex\/templates\/webmedia-template\/ckjcbscxjjjh\"><span style=\"font-weight: 400;\">disponibilizado diretamente no Overleaf<\/span><\/a><span style=\"font-weight: 400;\">.<\/span><\/li>\n<li style=\"font-weight: 400;\" aria-level=\"1\">Word e LaTeX: Template WebMedia dispon\u00edvel <a href=\"https:\/\/webmedia.org.br\/2024\/wp-content\/uploads\/2024\/05\/TemplateWebMedia.zip\">neste link<\/a>.<\/li>\n<\/ul>\n<p>\u00a0<\/p>\n<h2><b>C\u00f3digo de Conduta para autores em publica\u00e7\u00f5es da SBC<\/b><\/h2>\n<p>Ao submeterem trabalhos ao WebMedia 2024, os autores reconhecem que est\u00e3o em conformidade com o C\u00f3digo de Conduta para Autores em Publica\u00e7\u00f5es da SBC, o qual est\u00e1 dispon\u00edvel em:\u00a0<a href=\"https:\/\/sol.sbc.org.br\/index.php\/indice\/conduta\" target=\"_blank\" rel=\"noopener\">https:\/\/sol.sbc.org.br\/index.php\/indice\/conduta<\/a><\/p>\n<p>\u00a0<\/p>\n<h2><b>Publica\u00e7\u00e3o dos trabalhos<\/b><\/h2>\n<p>Os artigos aceitos ser\u00e3o publicados na SOL (SBC Open Lib), a biblioteca digital da SBC, na s\u00e9rie Anais Estendidos do WebMedia, dispon\u00edvel em <a href=\"https:\/\/sol.sbc.org.br\/index.php\/webmedia_estendido\" target=\"_blank\" rel=\"noopener\">https:\/\/sol.sbc.org.br\/index.php\/webmedia_estendido<\/a>. Todos os artigos ser\u00e3o indexados com DOI. Somente ser\u00e3o publicados pela SBC aqueles artigos cujas pessoas autoras cumpram os prazos estabelecidos para envio da vers\u00e3o final. Al\u00e9m disso, a publica\u00e7\u00e3o est\u00e1 condicionada \u00e0 inscri\u00e7\u00e3o no evento de pelo menos uma das pessoas autoras e \u00e0 apresenta\u00e7\u00e3o do trabalho presencialmente no Webmedia 2024. A n\u00e3o inscri\u00e7\u00e3o e o n\u00e3o comparecimento para apresenta\u00e7\u00e3o presencial implicar\u00e1 na retirada do trabalho dos anais estendidos do evento.<\/p>\n<p>\u00a0<\/p>\n<h2><b>Coordena\u00e7\u00e3o do WRSL+<\/b><\/h2>\n<p><span style=\"font-weight: 400;\">Celso Saibel Santos (UFES)<\/span><\/p>\n<p><span style=\"font-weight: 400;\">Maria da Gra\u00e7a Pimentel (USP)<\/span><\/p>\n<p><span style=\"font-weight: 400;\">Windson Viana de Carvalho (UFC)<\/span><\/p>\n<p>\u00a0<\/p>\n<h2><b>Comit\u00ea de Programa (em forma\u00e7\u00e3o)<\/b><\/h2>\n<p><span style=\"font-weight: 400;\">Alan Keller Gomes (IFG)<\/span><\/p>\n<p><span style=\"font-weight: 400;\">Alessandra Alaniz Macedo (USP\/Ribeir\u00e3o Preto)<\/span><\/p>\n<p><span style=\"font-weight: 400;\">Carlos Andr\u00e9 G. Ferraz (UFPE)<\/span><\/p>\n<p><span style=\"font-weight: 400;\">Cassio Vinicius Serafim Prazeres (UFBA)<\/span><\/p>\n<p><span style=\"font-weight: 400;\">Celso Saibel Santos (UFES)<\/span><\/p>\n<p><span style=\"font-weight: 400;\">Eliana Zen (IFFar &amp; UFPel<\/span><span style=\"font-weight: 400;\">)<\/span><\/p>\n<p><span style=\"font-weight: 400;\">Jorge Luis Victoria Barbosa (UNISINOS)<\/span><\/p>\n<p><span style=\"font-weight: 400;\">Kamila Rios Rodrigues (USP\/S\u00e3o Carlos)<\/span><\/p>\n<p><span style=\"font-weight: 400;\">Maria da Gra\u00e7a Pimentel (USP\/S\u00e3o Carlos)<\/span><\/p>\n<p><span style=\"font-weight: 400;\">Renato de Freitas Bulc\u00e3o Neto (UFG)<\/span><\/p>\n<p><span style=\"font-weight: 400;\">Tatiana Tavares (UFPel)<\/span><\/p>\n<p><span style=\"font-weight: 400;\">Thais Regina de Moura Braga Silva (UFV\/Florestal)<\/span><\/p>\n<p><span style=\"font-weight: 400;\">V\u00e2nia Neris (UFSCar)<\/span><\/p>\n<p><span style=\"font-weight: 400;\">Vinicius Kruger da Costa (IFSul &amp; UFPel)<\/span><\/p>\n<p><span style=\"font-weight: 400;\">Windson Viana de Carvalho (UFC)<\/span><\/p>\n<p><span style=\"font-weight: 400;\">\u00a0<\/span><\/p>\n<h2 style=\"font-family: -apple-system, BlinkMacSystemFont, 'Segoe UI', Roboto, 'Helvetica Neue', Arial, 'Noto Sans', sans-serif; color: #343435;\"><span style=\"font-weight: bolder;\">Datas Importantes<\/span><\/h2>\n<p>Veja em\u00a0<a href=\"https:\/\/webmedia.org.br\/2024\/datas-importantes\/\">Datas Importantes<\/a> os prazos de submiss\u00e3o para o WRSL+ \u00a0| Workshop de Revis\u00f5es Sistem\u00e1ticas de Literatura em Sistemas Multim\u00eddia e Web.<\/p>\n<p><!-- \/wp:table --><\/p>\t\t\t\t\t\t<\/div>\n\t\t\t\t<\/div>\n\t\t\t\t\t<\/div>\n\t\t<\/div>\n\t\t\t\t\t\t\t<\/div>\n\t\t<\/section>\n\t\t\t\t\t\t\t<\/div>\n\t\t","protected":false},"excerpt":{"rendered":"<p>WRSL+ | Workshop de Revis\u00f5es Sistem\u00e1ticas de Literatura em Sistemas Multim\u00eddia e Web Convidamos pesquisadores e profissionais da \u00e1rea de Sistemas Multim\u00eddia e Web a submeterem artigos de revis\u00e3o de literatura que adotem estrat\u00e9gias de sistematiza\u00e7\u00e3o e reprodutibilidade. Exemplos de metodologias incluem: Revis\u00e3o Sistem\u00e1tica da Literatura (Systematic Literature Review), Mapeamento Sistem\u00e1tico (Systematic Mapping), Meta-an\u00e1lise (Meta-analysis), [&hellip;]<\/p>\n","protected":false},"author":1,"featured_media":0,"parent":912,"menu_order":0,"comment_status":"closed","ping_status":"closed","template":"elementor_header_footer","meta":{"footnotes":""},"class_list":["post-1136","page","type-page","status-publish","hentry"],"_links":{"self":[{"href":"https:\/\/webmedia.org.br\/2024\/wp-json\/wp\/v2\/pages\/1136","targetHints":{"allow":["GET"]}}],"collection":[{"href":"https:\/\/webmedia.org.br\/2024\/wp-json\/wp\/v2\/pages"}],"about":[{"href":"https:\/\/webmedia.org.br\/2024\/wp-json\/wp\/v2\/types\/page"}],"author":[{"embeddable":true,"href":"https:\/\/webmedia.org.br\/2024\/wp-json\/wp\/v2\/users\/1"}],"replies":[{"embeddable":true,"href":"https:\/\/webmedia.org.br\/2024\/wp-json\/wp\/v2\/comments?post=1136"}],"version-history":[{"count":16,"href":"https:\/\/webmedia.org.br\/2024\/wp-json\/wp\/v2\/pages\/1136\/revisions"}],"predecessor-version":[{"id":1220,"href":"https:\/\/webmedia.org.br\/2024\/wp-json\/wp\/v2\/pages\/1136\/revisions\/1220"}],"up":[{"embeddable":true,"href":"https:\/\/webmedia.org.br\/2024\/wp-json\/wp\/v2\/pages\/912"}],"wp:attachment":[{"href":"https:\/\/webmedia.org.br\/2024\/wp-json\/wp\/v2\/media?parent=1136"}],"curies":[{"name":"wp","href":"https:\/\/api.w.org\/{rel}","templated":true}]}}