{"id":1019,"date":"2024-05-29T18:40:32","date_gmt":"2024-05-29T21:40:32","guid":{"rendered":"https:\/\/webmedia.org.br\/2024\/?page_id=1019"},"modified":"2024-07-16T09:22:03","modified_gmt":"2024-07-16T12:22:03","slug":"w4e-webmedia-for-everyone","status":"publish","type":"page","link":"https:\/\/webmedia.org.br\/2024\/chamada-de-trabalhos\/w4e-webmedia-for-everyone\/","title":{"rendered":"W4E | WebMedia for Everyone"},"content":{"rendered":"\t\t<div data-elementor-type=\"wp-page\" data-elementor-id=\"1019\" class=\"elementor elementor-1019\" data-elementor-post-type=\"page\">\n\t\t\t\t\t\t\t\t\t<section class=\"elementor-section elementor-top-section elementor-element elementor-element-995d100 elementor-section-height-min-height elementor-section-boxed elementor-section-height-default elementor-section-items-middle\" data-id=\"995d100\" data-element_type=\"section\" data-settings=\"{&quot;background_background&quot;:&quot;classic&quot;}\" data-e-bg-lazyload=\".elementor-background-overlay\">\n\t\t\t\t\t\t\t<div class=\"elementor-background-overlay\"><\/div>\n\t\t\t\t\t\t\t<div class=\"elementor-container elementor-column-gap-default\">\n\t\t\t\t\t<div class=\"elementor-column elementor-col-100 elementor-top-column elementor-element elementor-element-1a8bacab\" data-id=\"1a8bacab\" data-element_type=\"column\">\n\t\t\t<div class=\"elementor-widget-wrap elementor-element-populated\">\n\t\t\t\t\t\t\t\t<div class=\"elementor-element elementor-element-9d8a180 elementor-widget elementor-widget-heading\" data-id=\"9d8a180\" data-element_type=\"widget\" data-widget_type=\"heading.default\">\n\t\t\t\t<div class=\"elementor-widget-container\">\n\t\t\t<style>\/*! elementor - v3.15.0 - 31-07-2023 *\/\n.elementor-heading-title{padding:0;margin:0;line-height:1}.elementor-widget-heading .elementor-heading-title[class*=elementor-size-]>a{color:inherit;font-size:inherit;line-height:inherit}.elementor-widget-heading .elementor-heading-title.elementor-size-small{font-size:15px}.elementor-widget-heading .elementor-heading-title.elementor-size-medium{font-size:19px}.elementor-widget-heading .elementor-heading-title.elementor-size-large{font-size:29px}.elementor-widget-heading .elementor-heading-title.elementor-size-xl{font-size:39px}.elementor-widget-heading .elementor-heading-title.elementor-size-xxl{font-size:59px}<\/style><h1 class=\"elementor-heading-title elementor-size-default\">W4E | WebMedia for Everyone<\/h1>\t\t<\/div>\n\t\t\t\t<\/div>\n\t\t\t\t\t<\/div>\n\t\t<\/div>\n\t\t\t\t\t\t\t<\/div>\n\t\t<\/section>\n\t\t\t\t<section class=\"elementor-section elementor-top-section elementor-element elementor-element-bf94b7a elementor-section-height-min-height elementor-section-boxed elementor-section-height-default elementor-section-items-middle\" data-id=\"bf94b7a\" data-element_type=\"section\">\n\t\t\t\t\t\t<div class=\"elementor-container elementor-column-gap-default\">\n\t\t\t\t\t<div class=\"elementor-column elementor-col-100 elementor-top-column elementor-element elementor-element-91a9634\" data-id=\"91a9634\" data-element_type=\"column\">\n\t\t\t<div class=\"elementor-widget-wrap elementor-element-populated\">\n\t\t\t\t\t\t\t\t<div class=\"elementor-element elementor-element-df941be elementor-widget__width-initial elementor-widget elementor-widget-text-editor\" data-id=\"df941be\" data-element_type=\"widget\" data-widget_type=\"text-editor.default\">\n\t\t\t\t<div class=\"elementor-widget-container\">\n\t\t\t<style>\/*! elementor - v3.15.0 - 31-07-2023 *\/\n.elementor-widget-text-editor.elementor-drop-cap-view-stacked .elementor-drop-cap{background-color:#69727d;color:#fff}.elementor-widget-text-editor.elementor-drop-cap-view-framed .elementor-drop-cap{color:#69727d;border:3px solid;background-color:transparent}.elementor-widget-text-editor:not(.elementor-drop-cap-view-default) .elementor-drop-cap{margin-top:8px}.elementor-widget-text-editor:not(.elementor-drop-cap-view-default) .elementor-drop-cap-letter{width:1em;height:1em}.elementor-widget-text-editor .elementor-drop-cap{float:left;text-align:center;line-height:1;font-size:50px}.elementor-widget-text-editor .elementor-drop-cap-letter{display:inline-block}<\/style>\t\t\t\t<p><!-- wp:heading --><\/p>\n<p><span style=\"font-weight: 400;\">O <\/span><i><span style=\"font-weight: 400;\">WebMedia for Everyone<\/span><\/i><span style=\"font-weight: 400;\"> (W4E) \u00e9 um espa\u00e7o de discuss\u00e3o sobre como a comunidade do WebMedia pode incorporar a diversidade em diversas perspectivas, incluindo pesquisas e projetos de extens\u00e3o.<\/span><\/p>\n<p><span style=\"font-weight: 400;\">O ACM SIGMM<\/span> <span style=\"font-weight: 400;\">(<\/span><i><span style=\"font-weight: 400;\">ACM Special Interest Group on Multimedia<\/span><\/i><span style=\"font-weight: 400;\">) <\/span><a href=\"http:\/\/sigmm.org\/\"><span style=\"font-weight: 400;\">[1]<\/span><\/a><span style=\"font-weight: 400;\"> instituiu o papel de <\/span><i><span style=\"font-weight: 400;\">Director of Diversity and Outreach<\/span><\/i><span style=\"font-weight: 400;\">, com o objetivo de impulsionar e desenvolver ativamente as a\u00e7\u00f5es de apoio \u00e0 diversidade, bem como os esfor\u00e7os de divulga\u00e7\u00e3o de informa\u00e7\u00f5es e servi\u00e7os <\/span><span style=\"font-weight: 400;\">[<\/span><a href=\"https:\/\/dl.acm.org\/doi\/fullHtml\/10.1145\/3524460.3524461\"><span style=\"font-weight: 400;\">2<\/span><\/a><span style=\"font-weight: 400;\">].<\/span><span style=\"font-weight: 400;\"> Com o<\/span> <span style=\"font-weight: 400;\">W4E, o Webmedia d\u00e1 in\u00edcio a uma iniciativa nacional de apoio a essas a\u00e7\u00f5es.\u00a0<\/span><\/p>\n<p><span style=\"font-weight: 400;\">Em 2022, ocorreu a primeira edi\u00e7\u00e3o <\/span><span style=\"font-weight: 400;\">[<\/span><a href=\"https:\/\/webmedia.org.br\/2022\/webmedia4everyone-2\/\"><span style=\"font-weight: 400;\">3<\/span><\/a><span style=\"font-weight: 400;\">]<\/span><span style=\"font-weight: 400;\"> do W4E, em que pesquisadores e membros da ind\u00fastria discutiram sobre diversidade e acessibilidade.<\/span><\/p>\n<p><span style=\"font-weight: 400;\">Em 2023 foi dada continuidade a essa discuss\u00e3o refletindo sobre acessibilidade de solu\u00e7\u00f5es multim\u00eddia interativas, sobretudo no aspecto de linguagem simples e inclusiva.<\/span><\/p>\n<p><span style=\"font-weight: 400;\">Em 2024 trazemos uma nova proposta para o W4E, com chamada para trabalhos que relatem atividades de extens\u00e3o realizadas pela comunidade do Webmedia e que t\u00eam impactos para a sociedade. Assim, convidamos a todos da comunidade que atuam como extensionistas a submeterem artigos completos para a Trilha do W4E. Espera-se que os artigos nesta trilha descrevam cuidadosamente experi\u00eancias em a\u00e7\u00f5es de extens\u00e3o com a sociedade.<\/span><\/p>\n<p><span style=\"font-weight: 400;\">\u00a0\u00a0<\/span><\/p>\n<h2><b>Instru\u00e7\u00f5es para Participa\u00e7\u00e3o<\/b><\/h2>\n<p><span style=\"font-weight: 400;\">Em seus relatos, as pessoas autoras devem caracterizar o contexto, as partes envolvidas e a relev\u00e2ncia da experi\u00eancia de extens\u00e3o relatada; al\u00e9m de oportunizar reflex\u00f5es sobre a experi\u00eancia a partir de fundamenta\u00e7\u00e3o te\u00f3rico-metodol\u00f3gica. Espera-se que os relatos submetidos a esta trilha sejam originais e que n\u00e3o tenham sido publicados ou submetidos a outros f\u00f3runs, ou ve\u00edculos.<\/span><\/p>\n<p><span style=\"font-weight: 400;\">Os trabalhos devem ainda apontar conson\u00e2ncia com ao menos uma das 17 metas globais da <\/span><a href=\"https:\/\/sdgs.un.org\/goals\"><span style=\"font-weight: 400;\">agenda 2030 da ONU para o Desenvolvimento Sustent\u00e1vel<\/span><\/a><span style=\"font-weight: 400;\">, a saber: <\/span><i><span style=\"font-weight: 400;\">Erradica\u00e7\u00e3o da Pobreza, Fome Zero e Agricultura Sustent\u00e1vel, Sa\u00fade e Bem Estar, Educa\u00e7\u00e3o de Qualidade, Igualdade de G\u00eanero, \u00c1gua Pot\u00e1vel e Saneamento, Energia Limpa e Acess\u00edvel, Trabalho Decente e Crescimento Econ\u00f4mico, Ind\u00fastria, Inova\u00e7\u00e3o e Infraestrutura, Redu\u00e7\u00e3o das Desigualdades, Cidades e Comunidades Sustent\u00e1veis, Consumo e Produ\u00e7\u00e3o Sustent\u00e1veis, A\u00e7\u00e3o Contra a Mudan\u00e7a Global do Clima, Vida na \u00c1gua, Vida Terrestre, Paz, Justi\u00e7a, e Institui\u00e7\u00f5es Eficazes, Parcerias e Meios de Implementa\u00e7\u00e3o<\/span><\/i><span style=\"font-weight: 400;\">.\u00a0\u00a0<\/span><\/p>\n<p><span style=\"font-weight: 400;\">Os trabalhos devem tamb\u00e9m estar alinhados com t\u00f3picos de interesse do Webmedia, envolvendo desenvolvimento ou uso de tecnologia relacionada \u00e0 Multim\u00eddia, Hiperm\u00eddia e Web.<\/span><\/p>\n<p><span style=\"font-weight: 400;\">Os artigos podem ser escritos em Portugu\u00eas ou Ingl\u00eas, sendo que todos os artigos devem ter o resumo em ingl\u00eas (resumo em Portugu\u00eas n\u00e3o \u00e9 obrigat\u00f3rio). Deve-se utilizar as regras de <\/span><b>revis\u00e3o duplamente an\u00f4nima<\/b><span style=\"font-weight: 400;\">. Isso requer que as identifica\u00e7\u00f5es dos autores sejam substitu\u00eddas por \u201c<\/span><i><span style=\"font-weight: 400;\">removed for anonymous review<\/span><\/i><span style=\"font-weight: 400;\">\u201d ou &#8220;removido para revis\u00e3o an\u00f4nima&#8221; no in\u00edcio do artigo e em eventuais refer\u00eancias a seus trabalhos anteriores.<\/span><\/p>\n<p><span style=\"font-weight: 400;\">Os trabalhos devem estar no formato PDF, seguindo o template padr\u00e3o do WebMedia, que est\u00e1 dispon\u00edve<\/span><span style=\"font-weight: 400;\">l <\/span><a href=\"https:\/\/webmedia.org.br\/2024\/wp-content\/uploads\/2024\/05\/TemplateWebMedia.zip\"><span style=\"font-weight: 400;\">neste link<\/span><\/a><span style=\"font-weight: 400;\"> e tamb\u00e9m dispon\u00edvel para uso n<\/span><span style=\"font-weight: 400;\">o <\/span><a href=\"https:\/\/www.overleaf.com\/latex\/templates\/webmedia-template\/ckjcbscxjjjh\"><span style=\"font-weight: 400;\">Overleaf<\/span><\/a><span style=\"font-weight: 400;\">. <\/span><span style=\"font-weight: 400;\">Os artigos devem ter no m\u00ednimo QUATRO e no m\u00e1ximo SEIS p\u00e1ginas, e at\u00e9 mais DUAS contendo apenas a lista de refer\u00eancias usadas no texto. Os artigos dever\u00e3o ser submetidos por meio do sistema <\/span><a href=\"https:\/\/jems.sbc.org.br\/home.cgi?c=4610\"><span style=\"font-weight: 400;\">JEMS<\/span><\/a><span style=\"font-weight: 400;\"> da SBC.<\/span><\/p>\n<p><span style=\"font-weight: 400;\">\u00a0<\/span><\/p>\n<h2><b>Processo de Revis\u00e3o<\/b><\/h2>\n<p><span style=\"font-weight: 400;\">Os artigos submetidos passar\u00e3o por uma primeira fase (FASE 1) em que ser\u00e1 feita uma an\u00e1lise, por parte da coordena\u00e7\u00e3o da trilha, de escopo e interesse do trabalho para a comunidade do Webmedia, bem como da adequa\u00e7\u00e3o do trabalho a uma atividade de extens\u00e3o e ao termo de conduta da SBC, descrito abaixo. Al\u00e9m de tal an\u00e1lise, as submiss\u00f5es poder\u00e3o ser rejeitadas caso n\u00e3o estejam em conformidade com todas as instru\u00e7\u00f5es de submiss\u00e3o do W4E 2024 e\/ou tiverem sido enviadas, ou publicadas em qualquer outro ve\u00edculo.\u00a0<\/span><\/p>\n<p><span style=\"font-weight: 400;\">Todos os trabalhos aceitos na Fase 1 ser\u00e3o revisados por pelo menos tr\u00eas membros do comit\u00ea do programa. Se a submiss\u00e3o for aceita, as pessoas autoras devem considerar os coment\u00e1rios das revis\u00f5es para preparar a vers\u00e3o final do artigo.\u00a0<\/span><\/p>\n<p><span style=\"font-weight: 400;\">\u00a0<\/span><\/p>\n<h2 style=\"font-family: -apple-system, BlinkMacSystemFont, 'Segoe UI', Roboto, 'Helvetica Neue', Arial, 'Noto Sans', sans-serif; color: #343435;\"><span style=\"font-weight: bolder;\">Datas Importantes<\/span><\/h2>\n<p>Veja em <a href=\"https:\/\/webmedia.org.br\/2024\/datas-importantes\/\">Datas Importantes<\/a> os prazos de submiss\u00e3o dos artigos.<\/p>\n<p>\u00a0<\/p>\n<h2><strong>C\u00f3digo de Conduta para Autores em Publica\u00e7\u00f5es da SBC<\/strong><\/h2>\n<p><span style=\"font-weight: 400;\">Ao submeterem trabalhos ao WebMedia 2024, os autores reconhecem que est\u00e3o em conformidade com o C\u00f3digo de Conduta para Autores em Publica\u00e7\u00f5es da SBC, o qual est\u00e1 dispon\u00edvel em: <\/span><a href=\"https:\/\/sol.sbc.org.br\/index.php\/indice\/conduta\"><span style=\"font-weight: 400;\">https:\/\/sol.sbc.org.br\/index.php\/indice\/conduta<\/span><\/a><span style=\"font-weight: 400;\">. <\/span><\/p>\n<p>\u00a0<\/p>\n<h2><strong>Publica\u00e7\u00e3o dos trabalhos<\/strong><\/h2>\n<p><span style=\"font-weight: 400;\">Os artigos aceitos ser\u00e3o publicados na SOL (SBC Open Lib), a biblioteca digital da SBC, na s\u00e9rie Anais Estendidos do WebMedia, dispon\u00edvel em<\/span> <a href=\"https:\/\/sol.sbc.org.br\/index.php\/webmedia_estendido\"><span style=\"font-weight: 400;\">https:\/\/sol.sbc.org.br\/index.php\/webmedia_estendido<\/span><\/a><span style=\"font-weight: 400;\">. <\/span><span style=\"font-weight: 400;\">Todos os artigos ser\u00e3o indexados com DOI. Somente ser\u00e3o publicados pela SBC aqueles artigos cujas pessoas autoras cumpram os prazos estabelecidos para envio da vers\u00e3o final. Al\u00e9m disso, a publica\u00e7\u00e3o est\u00e1 condicionada \u00e0 inscri\u00e7\u00e3o no evento de pelo menos uma das pessoas autoras e \u00e0 apresenta\u00e7\u00e3o do trabalho <\/span><b>presencialmente<\/b><span style=\"font-weight: 400;\"> no Webmedia 2024. A n\u00e3o inscri\u00e7\u00e3o e o n\u00e3o comparecimento para apresenta\u00e7\u00e3o presencial implicar\u00e1 na retirada do trabalho dos anais estendidos do evento.<\/span><\/p>\n<p>Especialmente para autores do W4E, s\u00e3o duas formas de inscri\u00e7\u00e3o poss\u00edveis:<\/p>\n<ul>\n<li>Inscri\u00e7\u00e3o completa no WebMedia 2024, dando direito de acesso a todas as sess\u00f5es do evento;<\/li>\n<li>Inscri\u00e7\u00e3o espec\u00edfica de Autor W4E, dando direito \u00e0 apresenta\u00e7\u00e3o e publica\u00e7\u00e3o do trabalho, com acesso limitado \u00e0s sess\u00f5es do W4E.<\/li>\n<\/ul>\n<p>\u00a0<\/p>\n<p>N\u00e3o \u00e9 v\u00e1lida a inscri\u00e7\u00e3o com day pass, nem uso de isen\u00e7\u00f5es de s\u00f3cios institucionais.<\/p>\n<p>Vale mencionar que para todas as demais pessoas, a participa\u00e7\u00e3o no WebMedia for Everyone \u00e9 gratuita, limitada \u00e0 capacidade de p\u00fablico do local do evento.<\/p>\n<p>\u00a0<\/p>\n<h2><strong>Coordenadoras do W4E 2024<\/strong><\/h2>\n<p>\u00a0<\/p>\n<p><!-- \/wp:table --><\/p>\t\t\t\t\t\t<\/div>\n\t\t\t\t<\/div>\n\t\t\t\t\t<\/div>\n\t\t<\/div>\n\t\t\t\t\t\t\t<\/div>\n\t\t<\/section>\n\t\t<div class=\"elementor-element elementor-element-a11c453 e-flex e-con-boxed e-con\" data-id=\"a11c453\" data-element_type=\"container\" data-settings=\"{&quot;content_width&quot;:&quot;boxed&quot;}\">\n\t\t\t\t\t<div class=\"e-con-inner\">\n\t\t<div class=\"elementor-element elementor-element-56ac1cc e-con-full e-flex e-con\" data-id=\"56ac1cc\" data-element_type=\"container\" data-settings=\"{&quot;content_width&quot;:&quot;full&quot;}\">\n\t\t\t\t<div class=\"elementor-element elementor-element-6ac385b elementor-widget elementor-widget-image\" data-id=\"6ac385b\" data-element_type=\"widget\" data-widget_type=\"image.default\">\n\t\t\t\t<div class=\"elementor-widget-container\">\n\t\t\t<style>\/*! elementor - v3.15.0 - 31-07-2023 *\/\n.elementor-widget-image{text-align:center}.elementor-widget-image a{display:inline-block}.elementor-widget-image a img[src$=\".svg\"]{width:48px}.elementor-widget-image img{vertical-align:middle;display:inline-block}<\/style>\t\t\t\t\t\t\t\t\t\t\t\t\t<a href=\"http:\/\/lattes.cnpq.br\/7907503278098258\">\n\t\t\t\t\t\t\t<img loading=\"lazy\" decoding=\"async\" width=\"253\" height=\"300\" src=\"https:\/\/webmedia.org.br\/2024\/wp-content\/uploads\/2024\/06\/Alessandreia-253x300.jpg\" class=\"attachment-medium size-medium wp-image-1048\" alt=\"\" srcset=\"https:\/\/webmedia.org.br\/2024\/wp-content\/uploads\/2024\/06\/Alessandreia-253x300.jpg 253w, https:\/\/webmedia.org.br\/2024\/wp-content\/uploads\/2024\/06\/Alessandreia.jpg 458w\" sizes=\"auto, (max-width: 253px) 100vw, 253px\" \/>\t\t\t\t\t\t\t\t<\/a>\n\t\t\t\t\t\t\t\t\t\t\t\t\t\t\t<\/div>\n\t\t\t\t<\/div>\n\t\t\t\t<\/div>\n\t\t<div class=\"elementor-element elementor-element-ad0128b e-con-full e-flex e-con\" data-id=\"ad0128b\" data-element_type=\"container\" data-settings=\"{&quot;content_width&quot;:&quot;full&quot;}\">\n\t\t\t\t<div class=\"elementor-element elementor-element-7dd87f8 elementor-widget elementor-widget-text-editor\" data-id=\"7dd87f8\" data-element_type=\"widget\" data-widget_type=\"text-editor.default\">\n\t\t\t\t<div class=\"elementor-widget-container\">\n\t\t\t\t\t\t\t<p><a href=\"http:\/\/lattes.cnpq.br\/7907503278098258\"><b><span style=\"color: #0000ff;\">Alessandreia de Oliveira<\/span><\/b><\/a><b> &#8211; <\/b><span style=\"font-weight: 400;\">UFJF<\/span><\/p>\n<p><span style=\"font-weight: 400;\">\u00c9 professora associada da Universidade Federal de Juiz de Fora. Tem experi\u00eancia e interesse em Educa\u00e7\u00e3o em Computa\u00e7\u00e3o, Mulheres na Computa\u00e7\u00e3o, Banco de Dados e Engenharia de Software. \u00c9 membro do Comit\u00ea Gestor do Programa Meninas Digitais da SBC e coordenadora dos projetos ProgramADA, Meninas Programadoras JF e Meninas Digitais UFJF.\u00a0<\/span><\/p>\t\t\t\t\t\t<\/div>\n\t\t\t\t<\/div>\n\t\t\t\t<\/div>\n\t\t\t\t\t<\/div>\n\t\t\t\t<\/div>\n\t\t<div class=\"elementor-element elementor-element-544f440 e-flex e-con-boxed e-con\" data-id=\"544f440\" data-element_type=\"container\" data-settings=\"{&quot;content_width&quot;:&quot;boxed&quot;}\">\n\t\t\t\t\t<div class=\"e-con-inner\">\n\t\t<div class=\"elementor-element elementor-element-16487ce e-con-full e-flex e-con\" data-id=\"16487ce\" data-element_type=\"container\" data-settings=\"{&quot;content_width&quot;:&quot;full&quot;}\">\n\t\t\t\t<div class=\"elementor-element elementor-element-02fda02 elementor-widget elementor-widget-image\" data-id=\"02fda02\" data-element_type=\"widget\" data-widget_type=\"image.default\">\n\t\t\t\t<div class=\"elementor-widget-container\">\n\t\t\t\t\t\t\t\t\t\t\t\t\t\t\t\t<a href=\"http:\/\/lattes.cnpq.br\/9035684997439778\">\n\t\t\t\t\t\t\t<img loading=\"lazy\" decoding=\"async\" width=\"300\" height=\"300\" src=\"https:\/\/webmedia.org.br\/2024\/wp-content\/uploads\/2024\/06\/Kamila-300x300.jpg\" class=\"attachment-medium size-medium wp-image-1050\" alt=\"\" srcset=\"https:\/\/webmedia.org.br\/2024\/wp-content\/uploads\/2024\/06\/Kamila-300x300.jpg 300w, https:\/\/webmedia.org.br\/2024\/wp-content\/uploads\/2024\/06\/Kamila-150x150.jpg 150w, https:\/\/webmedia.org.br\/2024\/wp-content\/uploads\/2024\/06\/Kamila.jpg 454w\" sizes=\"auto, (max-width: 300px) 100vw, 300px\" \/>\t\t\t\t\t\t\t\t<\/a>\n\t\t\t\t\t\t\t\t\t\t\t\t\t\t\t<\/div>\n\t\t\t\t<\/div>\n\t\t\t\t<\/div>\n\t\t<div class=\"elementor-element elementor-element-0232ac8 e-con-full e-flex e-con\" data-id=\"0232ac8\" data-element_type=\"container\" data-settings=\"{&quot;content_width&quot;:&quot;full&quot;}\">\n\t\t\t\t<div class=\"elementor-element elementor-element-fae2cbf elementor-widget elementor-widget-text-editor\" data-id=\"fae2cbf\" data-element_type=\"widget\" data-widget_type=\"text-editor.default\">\n\t\t\t\t<div class=\"elementor-widget-container\">\n\t\t\t\t\t\t\t<p><a href=\"http:\/\/lattes.cnpq.br\/9035684997439778\"><b><span style=\"color: #0000ff;\">Kamila Rodrigues<\/span><\/b><\/a><b> &#8211; <\/b><span style=\"font-weight: 400;\">ICMC\/USP<\/span><\/p>\n<p><span style=\"font-weight: 400;\">Professora no Instituto de Ci\u00eancias Matem\u00e1ticas e de Computa\u00e7\u00e3o da Universidade de S\u00e3o Paulo (ICMC\/USP). Possui experi\u00eancia no desenvolvimento e avalia\u00e7\u00e3o de interfaces de usu\u00e1rios respeitando requisitos relacionados \u00e0 usabilidade e acessibilidade. Conduz pesquisas com documentos interativos para coleta especializada de experi\u00eancias do cotidiano de indiv\u00edduos, pesquisas com aplica\u00e7\u00f5es digitais terap\u00eauticas para diferentes patologias, <\/span><i><span style=\"font-weight: 400;\">End-User Development,<\/span><\/i><span style=\"font-weight: 400;\"> coletas de dados e interven\u00e7\u00f5es a dist\u00e2ncia usando infraestrutura tecnol\u00f3gica, letramento digital para a terceira idade, jogos digitais s\u00e9rios, <\/span><i><span style=\"font-weight: 400;\">fake news<\/span><\/i><span style=\"font-weight: 400;\">, coletas de respostas emocionais por meio de sensores f\u00edsicos e l\u00f3gicos. \u00c9 defensora da acessibilidade em solu\u00e7\u00f5es computacionais e docente extensionista por princ\u00edpio.<\/span><\/p>\t\t\t\t\t\t<\/div>\n\t\t\t\t<\/div>\n\t\t\t\t<\/div>\n\t\t\t\t\t<\/div>\n\t\t\t\t<\/div>\n\t\t<div class=\"elementor-element elementor-element-daec51a e-flex e-con-boxed e-con\" data-id=\"daec51a\" data-element_type=\"container\" data-settings=\"{&quot;content_width&quot;:&quot;boxed&quot;}\">\n\t\t\t\t\t<div class=\"e-con-inner\">\n\t\t<div class=\"elementor-element elementor-element-e7894cb e-con-full e-flex e-con\" data-id=\"e7894cb\" data-element_type=\"container\" data-settings=\"{&quot;content_width&quot;:&quot;full&quot;}\">\n\t\t\t\t<div class=\"elementor-element elementor-element-fc3937e elementor-widget elementor-widget-image\" data-id=\"fc3937e\" data-element_type=\"widget\" data-widget_type=\"image.default\">\n\t\t\t\t<div class=\"elementor-widget-container\">\n\t\t\t\t\t\t\t\t\t\t\t\t\t\t\t\t<a href=\"http:\/\/lattes.cnpq.br\/9449361976082673\">\n\t\t\t\t\t\t\t<img loading=\"lazy\" decoding=\"async\" width=\"217\" height=\"300\" src=\"https:\/\/webmedia.org.br\/2024\/wp-content\/uploads\/2024\/06\/Lorenza-217x300.jpg\" class=\"attachment-medium size-medium wp-image-1051\" alt=\"\" srcset=\"https:\/\/webmedia.org.br\/2024\/wp-content\/uploads\/2024\/06\/Lorenza-217x300.jpg 217w, https:\/\/webmedia.org.br\/2024\/wp-content\/uploads\/2024\/06\/Lorenza.jpg 424w\" sizes=\"auto, (max-width: 217px) 100vw, 217px\" \/>\t\t\t\t\t\t\t\t<\/a>\n\t\t\t\t\t\t\t\t\t\t\t\t\t\t\t<\/div>\n\t\t\t\t<\/div>\n\t\t\t\t<\/div>\n\t\t<div class=\"elementor-element elementor-element-e94c6ba e-con-full e-flex e-con\" data-id=\"e94c6ba\" data-element_type=\"container\" data-settings=\"{&quot;content_width&quot;:&quot;full&quot;}\">\n\t\t\t\t<div class=\"elementor-element elementor-element-23ddcf7 elementor-widget elementor-widget-text-editor\" data-id=\"23ddcf7\" data-element_type=\"widget\" data-widget_type=\"text-editor.default\">\n\t\t\t\t<div class=\"elementor-widget-container\">\n\t\t\t\t\t\t\t<p><span style=\"color: #0000ff;\"><a style=\"color: #0000ff;\" href=\"http:\/\/lattes.cnpq.br\/9449361976082673\"><b>Lorenza Moreno<\/b><\/a><\/span><b> &#8211; <\/b><span style=\"font-weight: 400;\">UFJF<\/span><\/p>\n<p><span style=\"font-weight: 400;\">Professora na Universidade Federal de Juiz de Fora. Atua principalmente nos seguintes temas: programa\u00e7\u00e3o inteira, otimiza\u00e7\u00e3o combinat\u00f3ria, gera\u00e7\u00e3o de colunas, metaheur\u00edsticas e <\/span><i><span style=\"font-weight: 400;\">matheuristics<\/span><\/i><span style=\"font-weight: 400;\">. Desde 2018, tem atuado em diferentes projetos de extens\u00e3o para incentivar entrada e perman\u00eancia de alunos e, especialmente, alunas nos cursos de Computa\u00e7\u00e3o.<\/span><\/p>\t\t\t\t\t\t<\/div>\n\t\t\t\t<\/div>\n\t\t\t\t<\/div>\n\t\t\t\t\t<\/div>\n\t\t\t\t<\/div>\n\t\t<div class=\"elementor-element elementor-element-9e7ccd4 e-flex e-con-boxed e-con\" data-id=\"9e7ccd4\" data-element_type=\"container\" data-settings=\"{&quot;content_width&quot;:&quot;boxed&quot;}\">\n\t\t\t\t\t<div class=\"e-con-inner\">\n\t\t\t\t<div class=\"elementor-element elementor-element-b6fba4c elementor-widget elementor-widget-text-editor\" data-id=\"b6fba4c\" data-element_type=\"widget\" data-widget_type=\"text-editor.default\">\n\t\t\t\t<div class=\"elementor-widget-container\">\n\t\t\t\t\t\t\t<p><b>O W4E ser\u00e1 realizado presencialmente no Webmedia 2024, que acontecer\u00e1 entre os dias 14 e 18 de outubro de 2024, em Juiz de Fora\/MG.<\/b><\/p>\t\t\t\t\t\t<\/div>\n\t\t\t\t<\/div>\n\t\t\t\t\t<\/div>\n\t\t\t\t<\/div>\n\t\t\t\t\t\t\t<\/div>\n\t\t","protected":false},"excerpt":{"rendered":"<p>W4E | WebMedia for Everyone O WebMedia for Everyone (W4E) \u00e9 um espa\u00e7o de discuss\u00e3o sobre como a comunidade do WebMedia pode incorporar a diversidade em diversas perspectivas, incluindo pesquisas e projetos de extens\u00e3o. O ACM SIGMM (ACM Special Interest Group on Multimedia) [1] instituiu o papel de Director of Diversity and Outreach, com o [&hellip;]<\/p>\n","protected":false},"author":1,"featured_media":0,"parent":912,"menu_order":0,"comment_status":"closed","ping_status":"closed","template":"elementor_header_footer","meta":{"footnotes":""},"class_list":["post-1019","page","type-page","status-publish","hentry"],"_links":{"self":[{"href":"https:\/\/webmedia.org.br\/2024\/wp-json\/wp\/v2\/pages\/1019","targetHints":{"allow":["GET"]}}],"collection":[{"href":"https:\/\/webmedia.org.br\/2024\/wp-json\/wp\/v2\/pages"}],"about":[{"href":"https:\/\/webmedia.org.br\/2024\/wp-json\/wp\/v2\/types\/page"}],"author":[{"embeddable":true,"href":"https:\/\/webmedia.org.br\/2024\/wp-json\/wp\/v2\/users\/1"}],"replies":[{"embeddable":true,"href":"https:\/\/webmedia.org.br\/2024\/wp-json\/wp\/v2\/comments?post=1019"}],"version-history":[{"count":20,"href":"https:\/\/webmedia.org.br\/2024\/wp-json\/wp\/v2\/pages\/1019\/revisions"}],"predecessor-version":[{"id":1217,"href":"https:\/\/webmedia.org.br\/2024\/wp-json\/wp\/v2\/pages\/1019\/revisions\/1217"}],"up":[{"embeddable":true,"href":"https:\/\/webmedia.org.br\/2024\/wp-json\/wp\/v2\/pages\/912"}],"wp:attachment":[{"href":"https:\/\/webmedia.org.br\/2024\/wp-json\/wp\/v2\/media?parent=1019"}],"curies":[{"name":"wp","href":"https:\/\/api.w.org\/{rel}","templated":true}]}}