{"id":827,"date":"2023-09-01T10:27:55","date_gmt":"2023-09-01T13:27:55","guid":{"rendered":"https:\/\/webmedia.org.br\/2023\/?page_id=827"},"modified":"2023-10-22T13:22:05","modified_gmt":"2023-10-22T16:22:05","slug":"programacao-st-secoes-tecnicas","status":"publish","type":"page","link":"https:\/\/webmedia.org.br\/2023\/programacao-st-secoes-tecnicas\/","title":{"rendered":"Programa\u00e7\u00e3o &#8211; ST &#8211; Se\u00e7\u00f5es T\u00e9cnicas"},"content":{"rendered":"\n<a name=\"st1\"><\/a>\n\n\n\n<figure class=\"wp-block-table\"><table><tbody><tr><td colspan=\"3\"><strong>ST1 &#8211; Natural Language Processing and Deep Learning&nbsp;<\/strong><\/td><\/tr><tr><td colspan=\"3\">3a-feira (24\/10), das 8:30 \u00e0s 10:30 &#8211; Local:&nbsp; Audit\u00f3rio&nbsp;<\/td><\/tr><tr><td colspan=\"3\">Chair Julio C. S. Reis<\/td><\/tr><tr><td>8:30-8:55<\/td><td>CluSent \u2013 Combining Semantic Expansion and De-Noising for Dataset-Oriented Sentiment Analysis of Short Texts<\/td><td>Felipe&nbsp; Viegas (UFMG), Sergio&nbsp; Canuto (IFG), Washington&nbsp; Cunha (UFMG), Celso&nbsp; Fran\u00e7a&nbsp; (UFMG), Claudio&nbsp; Valiense (UFMG), Leonardo&nbsp; Rocha (UFSJ), Marcos Andr\u00e9&nbsp; Gon\u00e7alves (UFMG)<\/td><\/tr><tr><td>8:55-9:20<\/td><td>Unfairness in Machine Learning for Web Systems Applications<\/td><td>Diego&nbsp; Minatel (USP), N\u00edcolas Roque dos Santos (USP), Angelo Cesar Mendes da Silva (USP), Mariana&nbsp; C\u00fari (USP), Ricardo Marcondes Marcacini (USP), Alneu de Andrade Lopes (USP)<\/td><\/tr><tr><td>9:20-9:45<\/td><td>On the Use of Early Fusion Operators on Heterogeneous Graph Neural Networks for One-Class Learning<\/td><td>Marcos Paulo Silva G\u00f4lo (USP), Marcelo Isaias&nbsp; de Moraes Junior (USP), Rudinei&nbsp; Goularte (USP), Ricardo Marcondes Marcacini (USP)<\/td><\/tr><tr><td>9:45-10:00<\/td><td>A Contextualized Embeddings-based Method to Detect Suicide Ideations in Texts<\/td><td>Wallace da Silva Coelho Valad\u00e3o (IME), Eric Rodrigues da Silva (IME), Paulo M\u00e1rcio Souza Freire (IME), Ronaldo Ribeiro Goldschmidt (IME)<\/td><\/tr><\/tbody><\/table><\/figure>\n\n\n\n<a name=\"st2\"><\/a>\n\n\n\n<figure class=\"wp-block-table\"><table><tbody><tr><td colspan=\"3\"><strong>ST2 &#8211; Human Activity Recognition and Context Awareness&nbsp;<\/strong><\/td><\/tr><tr><td colspan=\"3\">3a-feira (24\/10), das 8:30 \u00e0s 10:30. Local: Anfiteatro<\/td><\/tr><tr><td colspan=\"3\">Chair Celso A. Saibel Santos<\/td><\/tr><tr><td>8:30-8:55<\/td><td>Ensembles to Detect Fake News \u2013&nbsp; An Approach Based on Specialized Classifiers<\/td><td>Patrick Antunes dos Santos (IME), Paulo M\u00e1rcio Souza Freire (IME), Ronaldo Ribeiro Goldschmidt (IME)<\/td><\/tr><tr><td>8:55-9:20<\/td><td>Detec\u00e7\u00e3o Autom\u00e1tica de Emo\u00e7\u00f5es no Aprendizado de Algoritmos<\/td><td>Paulo Victor Borges (UFMA), Djefferson Maranh\u00e3o (UFMA), Carlos de Salles Soares Neto (UFMA)<\/td><\/tr><tr><td>9:20-9:45<\/td><td>eXplainable Artificial Intelligence in sentiment analysis of posts about Covid-19 vaccination on Twitter<\/td><td>Juliana da Costa Feitosa (UNESP), Luiz Felipe de Camargo (UNESP), Eloisa Bonatti (UNESP), Giovanna Simioni (UNESP), Jos\u00e9 Remo Ferreira Brega (UNESP)<\/td><\/tr><tr><td>9:45-10:00<\/td><td>An accurate real-time method to detect the smile facial expression&nbsp;<\/td><td>Leandro Persona (USP), Fernando Meloni (USP), Alessandra Alaniz Macedo&nbsp; (USP)<\/td><\/tr><\/tbody><\/table><\/figure>\n\n\n\n<a name=\"st3\"><\/a>\n\n\n\n<figure class=\"wp-block-table\"><table><tbody><tr><td colspan=\"3\"><strong>ST3 &#8211; Web Engineering and IoT and Topic Modeling<\/strong><\/td><\/tr><tr><td colspan=\"3\">3a-feira (24\/10), das 14:00 \u00e0s 16:00. Local: Anfiteatro<\/td><\/tr><tr><td colspan=\"3\">Chair Marcelo Manzato<\/td><\/tr><tr><td>14:00-14:25<\/td><td>Support for Single Page Application Frameworks on FrameWeb<\/td><td>Pedro Henrique Brunoro Hoppe (UFES), V\u00edtor Est\u00eav\u00e3o Silva Souza (UFES)<\/td><\/tr><tr><td>14:25-14:50<\/td><td>EDREW &#8211; Enhanced Data Representation for Extraction in Web<\/td><td>Marcelo C. Nunes (UFSC), Carina F. Dorneles (UFSC)<\/td><\/tr><tr><td>14:50-15:15<\/td><td>Evaluating the Limits of the Current Evaluation Metrics for Topic Modeling<\/td><td>Ant\u00f4nio&nbsp; Pereira (UFSJ), Felipe&nbsp; Viegas (UFMG), Marcos Andr\u00e9&nbsp; Gon\u00e7alves (UFMG), Leonardo&nbsp; Rocha (UFSJ)<\/td><\/tr><tr><td>15:15-15:30<\/td><td>DBVinci \u2013 towards the usage of GPT engine for processing SQL Queries<\/td><td>Vanessa C\u00e2mara (Sidia R\\&amp;D Institute0), Rayol Mendonca-Neto (Sidia R\\&amp;D Institute), Andr\u00e9 Silva (Sidia R\\&amp;D Institute), Luiz Cordovil-Jr (Sidia R\\&amp;D Institute)<\/td><\/tr><\/tbody><\/table><\/figure>\n\n\n\n<a name=\"st4\"><\/a>\n\n\n\n<figure class=\"wp-block-table\"><table><tbody><tr><td colspan=\"3\"><strong>ST4 &#8211; Titulo: Online Social Networks and Misinformation<\/strong><\/td><\/tr><tr><td colspan=\"3\">4a-feira (25\/10), das 8:30 \u00e0s 10:30. Local: Anfiteatro<\/td><\/tr><tr><td colspan=\"3\">Chair Thiago H Silva<\/td><\/tr><tr><td>8:30-8:55&nbsp;<\/td><td>Realistic Facial Deep Fakes Detection Through Self-Supervised Features Generated by a Self-Distilled Vision Transformer<\/td><td>Bruno Rocha Gomes (PUC-Rio), Antonio J. G. Busson (BTG Pactual), Jos\u00e9&nbsp; Boaro (PUC-Rio), S\u00e9rgio&nbsp; Colcher&nbsp; (PUC-Rio)<\/td><\/tr><tr><td>8:55-9:20<\/td><td>IARA &#8211; An Architectural Model to Assist the Development of Advising Bots for Misinformation Detection<\/td><td>Macaio&nbsp; Cacabro (UFC), Wellington&nbsp; Franco (UFC), Jos\u00e9 Maria&nbsp; Monteiro (UFC)Javam&nbsp; Machado (UFC)<\/td><\/tr><tr><td>9:20-9:45<\/td><td>Helping Fact-Checkers Identify Fake News Stories Shared through Images on WhatsApp<\/td><td>Julio C. S. Reis (UFV), Philipe&nbsp; Melo&nbsp; (UFV), Fabiano&nbsp; Bel\u00e9m&nbsp; (UFMG), Fabricio&nbsp; Murai (WPI, USA), Jussara M. Almeida&nbsp; (UFMG), Fabricio&nbsp; Benevenuto&nbsp; (UFMG)<\/td><\/tr><tr><td>9:45-10:10<\/td><td>Thirteen Years of WebMedia (2010 to 2022) &#8211; A Comprehensive Descriptive and Meta-Scientific Analysis<\/td><td>Luiz Paulo&nbsp; Carvalho (UFRJ), Silas&nbsp; Lima Filho (UFRJ), Michele A. Brand\u00e3o&nbsp; (IFMG), M\u00f4nica Ferreira da Silva&nbsp; (UFRJ), Jonice&nbsp; Oliveira&nbsp; (UFRJ), Maria da Gra\u00e7a&nbsp; Pimentel (USP)<\/td><\/tr><\/tbody><\/table><\/figure>\n\n\n\n<a name=\"st5\"><\/a>\n\n\n\n<figure class=\"wp-block-table\"><table><tbody><tr><td colspan=\"3\"><strong>ST5 &#8211; Web Engineering and IoT&nbsp;<\/strong><\/td><\/tr><tr><td colspan=\"3\">4a-feira (25\/10), das 14:00 \u00e0s 16:00. Local: Anfiteatro<\/td><\/tr><tr><td colspan=\"3\">Chair Vinicius Mota<\/td><\/tr><tr><td>14:00-14:25<\/td><td>EyePursuitLinks &#8211; an Eye-pursuit Based Interface for Web Browsing Using Smart Targets<\/td><td>Alex Torquato Souza Carneiro (USP), Candy Veronica Tenorio Gonzales (USP), Carlos Hitoshi&nbsp; Morimoto (USP)<\/td><\/tr><tr><td>14:25-14:50<\/td><td>A Mobility Model of The Internet of Things&nbsp;<\/td><td>Talita E. A. Alves (UFBA), Paulo H. L. Rettore (Fraunhofer FKIE, Germany), Bruno P. Santos&nbsp; (UFBA)<\/td><\/tr><tr><td>14:50-15:15<\/td><td>Efficient Map-Matching Parallelization over Bus Trajectories Using Spark<\/td><td>Demetrio Gomes Mestre&nbsp; (UEPB), Thiago Pereira N\u00f3brega&nbsp; (UEPB), Tiago Brasileiro Ara\u00fajo&nbsp; (IFPB), Andreza Raquel&nbsp; Queiroz&nbsp; (UFCG), Veruska Borges Santos&nbsp; (UFCG), Carlos Eduardo Santos Pires&nbsp; (UFCG)<\/td><\/tr><tr><td>15:15-15:30<\/td><td>Examining the Performance Implications of Design Patterns in Front-end Web Development: A Preliminar Comparative Study with React and Vue.js<\/td><td>Francisco&nbsp; Gomes &nbsp; (UFC), Pamella&nbsp; Soares&nbsp; (UECE), Allysson Allex&nbsp; Ara\u00fajo&nbsp; (UFCA)<\/td><\/tr><\/tbody><\/table><\/figure>\n\n\n\n<a name=\"st6\"><\/a>\n\n\n\n<figure class=\"wp-block-table\"><table><tbody><tr><td colspan=\"3\"><strong>ST6 &#8211;&nbsp; Accessibility and Digital Health<\/strong><\/td><\/tr><tr><td colspan=\"3\">5a-feira (26\/10), das 8:30 \u00e0s 10:30. Local: Anfiteatro<\/td><\/tr><tr><td colspan=\"3\">Chair Maria da Gra\u00e7a C. Pimentel<\/td><\/tr><tr><td>8:30-8:55<\/td><td>Applied Explainable Artificial Intelligence (XAI) in the classification of retinal images for support in the diagnosis of Glaucoma<\/td><td>Cleverson Marques Vieira (UFSJ), Marcus Vin\u00edcius de Castro Oliveira (UFSJ), Marcelo de Paiva Guimar\u00e3es (USP), Leonardo Rocha (UFSJ), Diego Roberto Colombo Dias (UFSJ)<\/td><\/tr><tr><td>8:55-9:20<\/td><td>Guidelines for conducting biofeedback-enhanced QoE studies in mulsemedia-enhanced virtual reality<\/td><td>Aleph Silveira (UFES), Roope Raisamo (Tampere University, Finland), Fotios Spyridonis (Brunel University London, UK), Alexandra Covaci (University of Kent, UK), George Ghinea (Brunel University London, UK), Celso A. S. Santos (UFES)<\/td><\/tr><tr><td>9:20-9:45<\/td><td>Dashboards para o apoio \u00e0 reabilita\u00e7\u00e3o em orienta\u00e7\u00e3o e mobilidade de pessoas com defici\u00eancia visua<strong>l<\/strong><\/td><td>Jos\u00e9 M. L. Moraes J\u00fanior (UFC), Phyllipe do Carmo F. (UFC), Maria da C. Carneiro Ara\u00fajo (UFC), Bernardo Costa (Cefet\/RJ), Myrna Amorim (Cefet\/RJ), Agebson Rocha Fa\u00e7anha (IFCE), Joel dos Santos (Cefet\/RJ), Windson Viana (UFC)<\/td><\/tr><tr><td>9:45-10:00<\/td><td>Early accessibility testing: an automated kit for Android developers<\/td><td>Anderson Canale Garcia (US)), Silvana Maria Affonso de Lara (IFSP), Lianna Mara Castro Duarte (UESPI), Renata Pontin de Mattos Fortes (USP), Kamila Rios da Hora Rodrigues (USP)<\/td><\/tr><\/tbody><\/table><\/figure>\n\n\n\n<a name=\"st7\"><\/a>\n\n\n\n<figure class=\"wp-block-table\"><table><tbody><tr><td colspan=\"3\"><strong>ST7 &#8211; Recommender Systems<\/strong><\/td><\/tr><tr><td colspan=\"3\">5a-feira (26\/10), das 8:30 \u00e0s 10:30. Local: Audit\u00f3rio<\/td><\/tr><tr><td colspan=\"3\">Chair:\u00a0Carlos Ferraz<\/td><\/tr><tr><td>8:30-8:55<\/td><td>A Survey on Review-Aware Recommendation Systems<\/td><td>Guilherme&nbsp; Bittencourt (UFSJ), Guilherme&nbsp; Fonseca (UFSJ), Yan&nbsp; Andrade&nbsp; (UFSJ), N\u00edcollas&nbsp; Silva&nbsp; (UFMG), Leonardo&nbsp; Rocha&nbsp; (UFSJ)<\/td><\/tr><tr><td>8:55-9:20<\/td><td>Assessing Explainable Recommendations from Knowledge Graph-based in an International Streaming Platform<\/td><td>Claudia Suarez Mariscal (UFRGS), Bruno Santana Massena de Lima (UFRGS), Renata&nbsp; Galante (UFRGS), Weverton&nbsp; Cordeiro (UFRGS)<\/td><\/tr><tr><td>9:20-9:45<\/td><td>A User Study on Explanations with Different Levels of Detail in Recommender Systems<\/td><td>Luan Soares de Souza (USP), Marcelo Garcia Manzato (USP)<\/td><\/tr><tr><td>9:45-10:00<\/td><td>A Complete Framework for Offline and Counterfactual Evaluations of Interactive Recommendation Systems<\/td><td>Yan&nbsp; Andrade&nbsp; (UFSJ), N\u00edcollas&nbsp; Silva&nbsp; (UFMG), Thiago&nbsp; Silva&nbsp; (UFSJ), Adriano&nbsp; Pereira&nbsp; (UFMG), Diego&nbsp; Dias&nbsp; (UFSJ), Elisa T. Albergaria&nbsp; (UFSJ), Leonardo&nbsp; Rocha&nbsp; (UFSJ)<\/td><\/tr><tr><td>10:00-10:15<\/td><td>Smart Notifications&nbsp; \u2013&nbsp; An ML-based Framework to Boost User Engagement<\/td><td>Victor M. Magalh\u00e3es Pinto (iFood), Leonardo M. Murtha Oliveira (iFood), Ysabelle Pinheiro de Sousa (iFood), Stefania L. Danyi (iFood), Dimas S. Lima (iFood)<\/td><\/tr><\/tbody><\/table><\/figure>\n\n\n\n<a name=\"st8\"><\/a>\n\n\n\n<figure class=\"wp-block-table\"><table><tbody><tr><td colspan=\"3\"><strong>ST8 &#8211; Media Coding and Annotation and Content Characterization&nbsp;<\/strong><\/td><\/tr><tr><td colspan=\"3\">6a-feira (27\/10), das 9:00 \u00e0s 10:30. Local: Audit\u00f3rio<\/td><\/tr><tr><td colspan=\"3\">Chair Dimas Lima<\/td><\/tr><tr><td>9:00-9:25&nbsp;<\/td><td>WSI2ML \u2013 An Open-Source Whole Slide Image Annotation Software for Machine Learning Applications<\/td><td>Luan V. C. Martins (USP), Adriana Passos Bueno (CIPE\/A.C. Camargo Cancer Center), Alexandre&nbsp; Defelicibus&nbsp; (CIPE\/A.C. Camargo Cancer Center), Rodrigo D. Drummond (CIPE\/A.C. Camargo Cancer Center), Renan&nbsp; Valieris&nbsp; (CIPE\/A.C. Camargo Cancer Center), Yu-tao&nbsp; Zhu&nbsp; (China Branch of BRICS Institute of Future Networks), Israel Tojal da Silva&nbsp; (CIPE\/A.C. Camargo Cancer Center), Liang&nbsp; Zhao&nbsp; (USP)<\/td><\/tr><tr><td>9:25-9:50<\/td><td>Embodied Voice Assistant Markup Language<\/td><td>Marcelo Marques da Rocha (UFF), D\u00e9bora Christina Muchaluat Saade (UFF)<\/td><\/tr><tr><td>9:50-10:15<\/td><td>Improving Multi-Domain Learning by Balancing Batches With Domain Information<\/td><td>Alexandre Thurow Bender (UFPel), Emillyn Mellyne Gobetti Souza (UFPel), Ihan Belmonte Bender (UFPel), Ulisses Brisolara Corr\u00eaa (UFPel), Ricardo Matsumura Araujo (UFPel)<\/td><\/tr><\/tbody><\/table><\/figure>\n\n\n\n<a name=\"st9\"><\/a>\n\n\n\n<figure class=\"wp-block-table\"><table><tbody><tr><td colspan=\"3\"><strong>ST9 &#8211;&nbsp; Media Coding and Annotation<\/strong>&nbsp;<\/td><\/tr><tr><td colspan=\"3\">6a-feira (27\/10), das 10:45 \u00e0s 12:00. Local: Audit\u00f3rio<\/td><\/tr><tr><td colspan=\"3\">Chair Rudinei Goularte&nbsp;<\/td><\/tr><tr><td>10:45-11:10<\/td><td>A Machine Learning-Based Solution to Accelerate the Intra Mode Decision for the VVC Standard<\/td><td>Adson Duarte (UFPel), Anna Oliveira (UFPel), Bruno Zatt (UFPel), Guilherme Correa (UFPel), Daniel Palomino (UFPel)<\/td><\/tr><tr><td>11:10-11:35<\/td><td>Sumariza\u00e7\u00e3o de V\u00eddeos Educacionais com redes Transformers<\/td><td>Leandro Massetti Ribeiro Oliveira (UFMA), Li Chang&nbsp; Shuen (UFMA), Allan K\u00e1ssio Beckman Soares da Cruz (UFMA), Carlos de Salles Soares Neto (UFMA)<\/td><\/tr><\/tbody><\/table><\/figure>\n\n\n","protected":false},"excerpt":{"rendered":"<p>ST1 &#8211; Natural Language Processing and Deep Learning&nbsp; 3a-feira (24\/10), das 8:30 \u00e0s 10:30 &#8211; Local:&nbsp; Audit\u00f3rio&nbsp; Chair Julio C. S. Reis [&hellip;]<\/p>\n","protected":false},"author":1,"featured_media":0,"parent":0,"menu_order":0,"comment_status":"closed","ping_status":"closed","template":"page-templates\/page_fullwidth.php","meta":{"footnotes":""},"class_list":["post-827","page","type-page","status-publish","hentry"],"_links":{"self":[{"href":"https:\/\/webmedia.org.br\/2023\/wp-json\/wp\/v2\/pages\/827","targetHints":{"allow":["GET"]}}],"collection":[{"href":"https:\/\/webmedia.org.br\/2023\/wp-json\/wp\/v2\/pages"}],"about":[{"href":"https:\/\/webmedia.org.br\/2023\/wp-json\/wp\/v2\/types\/page"}],"author":[{"embeddable":true,"href":"https:\/\/webmedia.org.br\/2023\/wp-json\/wp\/v2\/users\/1"}],"replies":[{"embeddable":true,"href":"https:\/\/webmedia.org.br\/2023\/wp-json\/wp\/v2\/comments?post=827"}],"version-history":[{"count":9,"href":"https:\/\/webmedia.org.br\/2023\/wp-json\/wp\/v2\/pages\/827\/revisions"}],"predecessor-version":[{"id":1053,"href":"https:\/\/webmedia.org.br\/2023\/wp-json\/wp\/v2\/pages\/827\/revisions\/1053"}],"wp:attachment":[{"href":"https:\/\/webmedia.org.br\/2023\/wp-json\/wp\/v2\/media?parent=827"}],"curies":[{"name":"wp","href":"https:\/\/api.w.org\/{rel}","templated":true}]}}