{"id":1022,"date":"2023-10-11T12:32:01","date_gmt":"2023-10-11T15:32:01","guid":{"rendered":"https:\/\/webmedia.org.br\/2023\/?page_id=1022"},"modified":"2023-10-16T11:55:35","modified_gmt":"2023-10-16T14:55:35","slug":"programacao-painel-direito-ia","status":"publish","type":"page","link":"https:\/\/webmedia.org.br\/2023\/programacao-painel-direito-ia\/","title":{"rendered":"Programa\u00e7\u00e3o Painel 2 &#8211; Painel do Direito e IA"},"content":{"rendered":"\n<h4 class=\"wp-block-heading\">Juliano Maranh\u00e3o<\/h4>\n\n\n\n<p>Bacharel, doutor e livre docente pela Faculdade de Direito da Universidade de S\u00e3o Paulo, onde atualmente \u00e9 professor associado do Departamento de Filosofia e Teoria Geral do Direito. Pesquisador da Funda\u00e7\u00e3o Humboldt e professor convidado da Goethe-Universitat Frankfurt am Main. Foi pesquisador visitante nas universidades de Miami, Leipzig e Maastricht. Membro do Comit\u00ea Executivo da International Association for Artificial Intelligence and Law (IAAIL).<\/p>\n\n\n\n<h4 class=\"wp-block-heading\">Renato Tin\u00f3s<\/h4>\n\n\n\n<p>Possui gradua\u00e7\u00e3o em Engenharia El\u00e9trica (1994) pela Universidade Estadual Paulista J\u00falio de Mesquita Filho (UNESP), mestrado (1999) e doutorado (2003) em Engenharia El\u00e9trica pela Universidade de S\u00e3o Paulo (USP). Desde 2004 \u00e9 professor da Faculdade de Filosofia, Ci\u00eancias e Letras de Ribeir\u00e3o Preto (FFCLRP) da USP. Atualmente, \u00e9 chefe do Departamento de Computa\u00e7\u00e3o e Matem\u00e1tica da FFCLRP\/USP. Orienta nos programas de p\u00f3s-gradua\u00e7\u00e3o Computa\u00e7\u00e3o Aplicada e F\u00edsica Aplicada \u00e0 Medicina e Biologia da FFCLRP\/USP. Atua na \u00e1rea de Intelig\u00eancia Artificial, com especial interesse em aspectos te\u00f3ricos e pr\u00e1ticos de Computa\u00e7\u00e3o Evolutiva e Aprendizado de M\u00e1quina.<\/p>\n\n\n\n<h4 class=\"wp-block-heading\">C\u00edntia Rosa Pereira Lima<\/h4>\n\n\n\n<p>Livre-Doc\u00eancia em Direito Civil Existencial e Patrimonial pela Faculdade de Direito de Ribeir\u00e3o Preto (USP). P\u00f3s Doutora em Direito Civil na Universit\u00e0 degli Studi di Camerino (It\u00e1lia) com fomento CAPES (2014 &#8211; 2015). Doutora em Direito Civil pela Faculdade de Direito da USP (2004 &#8211; 2009) com est\u00e1gio na Universidade de Ottawa (Canad\u00e1) com bolsa CAPES &#8211; PDEE &#8211; Doutorado Sandu\u00edche. Graduada pela Faculdade de Direito pela Universidade Estadual Paulista J\u00falio de Mesquita Filho &#8211; UNESP (2002). Advogada, Membro da Comiss\u00e3o de Direito Digital da OAB de Ribeir\u00e3o Preto. Foi professora e orientadora na p\u00f3s-gradua\u00e7\u00e3o da Faculdade de Direito da USP &#8211; Largo S\u00e3o Francisco (2010 &#8211; 2018). Atualmente \u00e9 Professora de Direito Civil da FDRP\/USP. Tem experi\u00eancia na \u00e1rea de Direito, com \u00eanfase em Prote\u00e7\u00e3o de Dados Pessoais, Direito Civil, Direito do Consumidor, Direito Digital e Intelig\u00eancia Artificial, tendo lecionado estas mat\u00e9rias em diversas ocasi\u00f5es. \u00c9 autora de diversos livros, artigos publicados em peri\u00f3dicos e cap\u00edtulos em obras coletivas. L\u00edder do Grupo de Pesquisa: Observat\u00f3rio da LGPD (http:\/\/dgp.cnpq.br\/dgp\/espelhogrupo\/4485179444454399) e do Grupo de Pesquisa: Observat\u00f3rio do Marco Civil da Internet no Brasil (http:\/\/dgp.cnpq.br\/dgp\/espelhogrupo\/2215582162179038). Presidente do Instituto Avan\u00e7ado de Prote\u00e7\u00e3o de Dados (IAPD) e Pesquisadora do Programa Ano Sab\u00e1tico do IEA-RP (fev. a ago 2020). Coordenadora do Grupo de Estudos &#8220;Direito e Tecnologia&#8221; (Tech Law) do IEA-RP (2020 &#8211; atual).<\/p>\n\n\n\n<h4 class=\"wp-block-heading\">Luciano Gallegos<\/h4>\n\n\n\n<p>Luciano \u00e9 professor da Universidade Federal do Paran\u00e1 &#8211; UFPR, alocado no Departamento de Ci\u00eancia e Gest\u00e3o da Informa\u00e7\u00e3o. Atua como coordenador do bacharelado em Gest\u00e3o da Informa\u00e7\u00e3o, e do eixo de Informa\u00e7\u00e3o e Tecnologia da P\u00f3s-gradua\u00e7\u00e3o em Gest\u00e3o da Informa\u00e7\u00e3o da UFPR. Como pesquisador, vem atuando em trabalhos, projetos e publica\u00e7\u00f5es envolvendo Ci\u00eancias Sociais Computacionais, Ci\u00eancia de Dados Comportamentais, Sistemas Colaborativos, Agentes Conversacionais, e Ontologias e Web Sem\u00e2ntica.<\/p>\n\n\n\n<h2 class=\"wp-block-heading\">Coordenadores<\/h2>\n\n\n\n<h4 class=\"wp-block-heading\">Cristina Godoy Bernardo de Oliveira<\/h4>\n\n\n\n<p>Graduada em Direito pela Universidade de S\u00e3o Paulo (2006) e Doutora em Filosofia do Direito pela Faculdade de Direito da Universidade de S\u00e3o Paulo (2011). Professora Doutora de Filosofia do Direito, Ingl\u00eas Jur\u00eddico e Institui\u00e7\u00f5es do Direito da Faculdade de Direito da Universidade de S\u00e3o Paulo &#8211; Campus Ribeir\u00e3o Preto desde 2011. P\u00f3s-Doutorado em Filosofia do Direito pela Universit\u00e9 Paris I &#8211; Panth\u00e9on\/Sorbonne (Agosto\/2014 &#8211; Dezembro\/2015) com v\u00ednculo ao Instituto NoSoPhi. Academic Visitor da Faculty of Law &#8211; Oxford University onde est\u00e1 desenvolvendo o projeto de pesquisa concernente \u00e0 Propriedade Intelectual (2015-2016). L\u00edder do Grupo de Pesquisa &#8220;Direito, \u00c9tica e Intelig\u00eancia Artificial&#8221; CNPq-USP desde 2019. Coordenadora do Grupo de Estudos em Direito e Tecnologia (TechLaw) do Instituo de Estudos Avan\u00e7ados (IEA RP USP) desde 26 de junho de 2020. Ano Sab\u00e1tico 2021 junto ao Instituto de Estudos Avan\u00e7ados da USP (IEA-USP) &#8211; T\u00edtulo do Projeto de Pesquisa: Princ\u00edpios \u00c9ticos e Normas Jur\u00eddicas para uma Intelig\u00eancia Artificial (IA) de confian\u00e7a. PI do Centro para Intelig\u00eancia Artificial da USP-IBM-FAPESP (C4AI) na \u00e1rea de Humanidades desde 2021.<\/p>\n\n\n\n<h4 class=\"wp-block-heading\">Evandro Eduardo Seron Ruiz<\/h4>\n\n\n\n<p>Bacharel em Ci\u00eancias de Computa\u00e7\u00e3o pelo ICMSC (atual ICMC), Universidade de S\u00e3o Paulo &#8211; USP (1985), mestre pela Faculdade de Engenharia El\u00e9trica da Universidade Estadual de Campinas &#8211; UNICAMP (1989), Ph.D. em Electronic Engineering pela University of Kent at Canterbury, Gr\u00e3-Bretanha (1996), Professor Livre-Docente pela USP (2006) e P\u00f3s-Doc pela Columbia University, NYC (2007-8). Professor Associado do Departamento de Computa\u00e7\u00e3o e Matem\u00e1tica, FFCLRP, onde \u00e9 docente em dedica\u00e7\u00e3o exclusiva desde 1989. Atua como orientador no Programa de P\u00f3s-gradua\u00e7\u00e3o em Computa\u00e7\u00e3o Aplicada do DCM-FFCLRP. Coordenador do Grupo de Estudo Tech Law do Instituto de Estudos Avan\u00e7ados (IEA\/USP). Pesquisador no grupo de pesquisa Processamento de Linguagem Natural em Portugu\u00eas. Tem experi\u00eancia na \u00e1rea de Ci\u00eancia da Computa\u00e7\u00e3o e trabalha principalmente nas \u00e1reas de aplica\u00e7\u00f5es de processamento de linguagem natural e minera\u00e7\u00e3o de textos.<\/p>\n","protected":false},"excerpt":{"rendered":"<p>Juliano Maranh\u00e3o Bacharel, doutor e livre docente pela Faculdade de Direito da Universidade de S\u00e3o Paulo, onde atualmente \u00e9 professor associado do [&hellip;]<\/p>\n","protected":false},"author":1,"featured_media":0,"parent":0,"menu_order":0,"comment_status":"closed","ping_status":"closed","template":"page-templates\/page_fullwidth.php","meta":{"footnotes":""},"class_list":["post-1022","page","type-page","status-publish","hentry"],"_links":{"self":[{"href":"https:\/\/webmedia.org.br\/2023\/wp-json\/wp\/v2\/pages\/1022","targetHints":{"allow":["GET"]}}],"collection":[{"href":"https:\/\/webmedia.org.br\/2023\/wp-json\/wp\/v2\/pages"}],"about":[{"href":"https:\/\/webmedia.org.br\/2023\/wp-json\/wp\/v2\/types\/page"}],"author":[{"embeddable":true,"href":"https:\/\/webmedia.org.br\/2023\/wp-json\/wp\/v2\/users\/1"}],"replies":[{"embeddable":true,"href":"https:\/\/webmedia.org.br\/2023\/wp-json\/wp\/v2\/comments?post=1022"}],"version-history":[{"count":2,"href":"https:\/\/webmedia.org.br\/2023\/wp-json\/wp\/v2\/pages\/1022\/revisions"}],"predecessor-version":[{"id":1036,"href":"https:\/\/webmedia.org.br\/2023\/wp-json\/wp\/v2\/pages\/1022\/revisions\/1036"}],"wp:attachment":[{"href":"https:\/\/webmedia.org.br\/2023\/wp-json\/wp\/v2\/media?parent=1022"}],"curies":[{"name":"wp","href":"https:\/\/api.w.org\/{rel}","templated":true}]}}